Last updated on 2025-07-24 10:49:40 CEST.
Flavor | Version | Tinstall | Tcheck | Ttotal | Status | Flags |
---|---|---|---|---|---|---|
r-devel-linux-x86_64-debian-clang | 0.0.3 | 3.48 | 33.34 | 36.82 | NOTE | |
r-devel-linux-x86_64-debian-gcc | 0.0.3 | 2.91 | 26.78 | 29.69 | NOTE | |
r-devel-linux-x86_64-fedora-clang | 0.0.3 | 57.78 | OK | |||
r-devel-linux-x86_64-fedora-gcc | 0.0.3 | 51.68 | OK | |||
r-devel-windows-x86_64 | 0.0.3 | 6.00 | 54.00 | 60.00 | OK | |
r-patched-linux-x86_64 | 0.0.3 | 4.33 | 31.56 | 35.89 | OK | |
r-release-linux-x86_64 | 0.0.3 | 3.84 | 31.63 | 35.47 | OK | |
r-release-macos-arm64 | 0.0.3 | 24.00 | OK | |||
r-release-macos-x86_64 | 0.0.3 | 34.00 | OK | |||
r-release-windows-x86_64 | 0.0.3 | 7.00 | 58.00 | 65.00 | OK | |
r-oldrel-macos-arm64 | 0.0.3 | 21.00 | OK | |||
r-oldrel-macos-x86_64 | 0.0.3 | 32.00 | OK | |||
r-oldrel-windows-x86_64 | 0.0.3 | 7.00 | 64.00 | 71.00 | OK |
Version: 0.0.3
Check: CRAN incoming feasibility
Result: NOTE
Maintainer: ‘Gabriel Kaiser <quantresearch.gk@gmail.com>’
Found the following \keyword or \concept entries
which likely give several index terms:
File ‘perplexR-package.Rd’:
\keyword{annotate;}
Flavors: r-devel-linux-x86_64-debian-clang, r-devel-linux-x86_64-debian-gcc