CRAN Package Check Results for Package newFocus

Last updated on 2025-11-24 09:50:40 CET.

Flavor Version Tinstall Tcheck Ttotal Status Flags
r-devel-linux-x86_64-debian-clang 1.1 1.95 24.66 26.61 NOTE
r-devel-linux-x86_64-debian-gcc 1.1 1.76 19.39 21.15 NOTE
r-devel-linux-x86_64-fedora-clang 1.1 40.57 OK
r-devel-linux-x86_64-fedora-gcc 1.1 37.23 OK
r-devel-windows-x86_64 1.1 4.00 42.00 46.00 OK
r-patched-linux-x86_64 1.1 2.57 23.09 25.66 OK
r-release-linux-x86_64 1.1 2.30 23.03 25.33 OK
r-release-macos-arm64 1.1 OK
r-release-macos-x86_64 1.1 2.00 24.00 26.00 OK
r-release-windows-x86_64 1.1 3.00 50.00 53.00 OK
r-oldrel-macos-arm64 1.1 OK
r-oldrel-macos-x86_64 1.1 2.00 24.00 26.00 OK
r-oldrel-windows-x86_64 1.1 3.00 45.00 48.00 OK

Check Details

Version: 1.1
Check: CRAN incoming feasibility
Result: NOTE Maintainer: ‘Ningning Xu <n.xu@lumc.nl>’ No Authors@R field in DESCRIPTION. Please add one, modifying Authors@R: person(given = "Ningning", family = "Xu", role = c("aut", "cre"), email = "n.xu@lumc.nl") as necessary. The Description field contains (2021) <arXiv:2001.01541> for detailed description. Please refer to arXiv e-prints via their arXiv DOI <doi:10.48550/arXiv.YYMM.NNNNN>. Flavors: r-devel-linux-x86_64-debian-clang, r-devel-linux-x86_64-debian-gcc