Last updated on 2025-10-24 09:50:09 CEST.
| Flavor | Version | Tinstall | Tcheck | Ttotal | Status | Flags |
|---|---|---|---|---|---|---|
| r-devel-linux-x86_64-debian-clang | 0.1.1 | 1.63 | 19.46 | 21.09 | OK | |
| r-devel-linux-x86_64-debian-gcc | 0.1.1 | 1.29 | 16.18 | 17.47 | OK | |
| r-devel-linux-x86_64-fedora-clang | 0.1.1 | 29.62 | OK | |||
| r-devel-linux-x86_64-fedora-gcc | 0.1.1 | 27.76 | OK | |||
| r-devel-windows-x86_64 | 0.1.1 | 2.00 | 37.00 | 39.00 | OK | |
| r-patched-linux-x86_64 | 0.1.1 | 1.47 | 17.17 | 18.64 | OK | |
| r-release-linux-x86_64 | 0.1.1 | 1.59 | 17.01 | 18.60 | OK | |
| r-release-macos-arm64 | 0.1.1 | 1.00 | 15.00 | 16.00 | OK | |
| r-release-macos-x86_64 | 0.1.1 | 2.00 | 24.00 | 26.00 | OK | |
| r-release-windows-x86_64 | 0.1.1 | 2.00 | 37.00 | 39.00 | OK | |
| r-oldrel-macos-arm64 | 0.1.1 | 1.00 | 12.00 | 13.00 | NOTE | |
| r-oldrel-macos-x86_64 | 0.1.1 | 2.00 | 20.00 | 22.00 | NOTE | |
| r-oldrel-windows-x86_64 | 0.1.1 | 4.00 | 41.00 | 45.00 | NOTE |
Version: 0.1.1
Check: LazyData
Result: NOTE
'LazyData' is specified without a 'data' directory
Flavors: r-oldrel-macos-arm64, r-oldrel-macos-x86_64, r-oldrel-windows-x86_64