Last updated on 2025-10-31 09:50:23 CET.
| Flavor | Version | Tinstall | Tcheck | Ttotal | Status | Flags | 
|---|---|---|---|---|---|---|
| r-devel-linux-x86_64-debian-clang | 0.1.0 | 2.28 | 27.96 | 30.24 | NOTE | |
| r-devel-linux-x86_64-debian-gcc | 0.1.0 | 1.72 | 21.03 | 22.75 | NOTE | |
| r-devel-linux-x86_64-fedora-clang | 0.1.0 | 46.47 | OK | |||
| r-devel-linux-x86_64-fedora-gcc | 0.1.0 | 42.88 | OK | |||
| r-devel-windows-x86_64 | 0.1.0 | 3.00 | 48.00 | 51.00 | OK | |
| r-patched-linux-x86_64 | 0.1.0 | 2.46 | 25.56 | 28.02 | OK | |
| r-release-linux-x86_64 | 0.1.0 | 1.69 | 25.56 | 27.25 | OK | |
| r-release-macos-arm64 | 0.1.0 | 2.00 | 19.00 | 21.00 | OK | |
| r-release-macos-x86_64 | 0.1.0 | 2.00 | 30.00 | 32.00 | OK | |
| r-release-windows-x86_64 | 0.1.0 | 6.00 | 50.00 | 56.00 | OK | |
| r-oldrel-macos-arm64 | 0.1.0 | 1.00 | 17.00 | 18.00 | OK | |
| r-oldrel-macos-x86_64 | 0.1.0 | 2.00 | 28.00 | 30.00 | OK | |
| r-oldrel-windows-x86_64 | 0.1.0 | 4.00 | 55.00 | 59.00 | OK | 
Version: 0.1.0
Check: CRAN incoming feasibility
Result: NOTE
  Maintainer: ‘Novia Permatasari <novia.permatasari@bps.go.id>’
  
  No Authors@R field in DESCRIPTION.
  Please add one, modifying
    Authors@R: c(person(given = "Azka",
                        family = "Ubaidillah",
                        role = "aut"),
                 person(given = "Novia",
                        family = "Permatasari",
                        role = c("aut", "cre"),
                        email = "novia.permatasari@bps.go.id"))
  as necessary.
Flavors: r-devel-linux-x86_64-debian-clang, r-devel-linux-x86_64-debian-gcc