Last updated on 2025-11-16 09:49:33 CET.
| Flavor | Version | Tinstall | Tcheck | Ttotal | Status | Flags |
|---|---|---|---|---|---|---|
| r-devel-linux-x86_64-debian-clang | 1.2.2 | 129.96 | 28.42 | 158.38 | OK | |
| r-devel-linux-x86_64-debian-gcc | 1.2.2 | 94.80 | 22.79 | 117.59 | OK | |
| r-devel-linux-x86_64-fedora-clang | 1.2.2 | 180.00 | 106.78 | 286.78 | OK | |
| r-devel-linux-x86_64-fedora-gcc | 1.2.2 | 175.00 | 121.04 | 296.04 | OK | |
| r-devel-windows-x86_64 | 1.2.2 | 153.00 | 67.00 | 220.00 | OK | |
| r-patched-linux-x86_64 | 1.2.2 | 137.40 | 27.41 | 164.81 | OK | |
| r-release-linux-x86_64 | 1.2.2 | 133.43 | 27.16 | 160.59 | OK | |
| r-release-macos-arm64 | 1.2.2 | 47.00 | 18.00 | 65.00 | OK | |
| r-release-macos-x86_64 | 1.2.2 | 63.00 | 26.00 | 89.00 | OK | |
| r-release-windows-x86_64 | 1.2.2 | 138.00 | 71.00 | 209.00 | OK | |
| r-oldrel-macos-arm64 | 1.2.2 | 44.00 | 17.00 | 61.00 | NOTE | |
| r-oldrel-macos-x86_64 | 1.2.2 | 47.00 | 23.00 | 70.00 | NOTE | |
| r-oldrel-windows-x86_64 | 1.2.2 | 172.00 | 84.00 | 256.00 | OK |
Version: 1.2.2
Check: installed package size
Result: NOTE
installed size is 10.6Mb
sub-directories of 1Mb or more:
libs 10.4Mb
Flavors: r-oldrel-macos-arm64, r-oldrel-macos-x86_64