Last updated on 2025-11-15 11:50:50 CET.
| Flavor | Version | Tinstall | Tcheck | Ttotal | Status | Flags |
|---|---|---|---|---|---|---|
| r-devel-linux-x86_64-debian-clang | 1.1.1 | 1.64 | 19.06 | 20.70 | OK | |
| r-devel-linux-x86_64-debian-gcc | 1.1.1 | 1.33 | 16.07 | 17.40 | OK | |
| r-devel-linux-x86_64-fedora-clang | 1.1.1 | 31.06 | OK | |||
| r-devel-linux-x86_64-fedora-gcc | 1.1.1 | 29.97 | OK | |||
| r-devel-windows-x86_64 | 1.1.1 | 3.00 | 36.00 | 39.00 | OK | |
| r-patched-linux-x86_64 | 1.1.1 | 1.56 | 17.58 | 19.14 | OK | |
| r-release-linux-x86_64 | 1.1.1 | 1.56 | 17.52 | 19.08 | OK | |
| r-release-macos-arm64 | 1.1.1 | 1.00 | 14.00 | 15.00 | OK | |
| r-release-macos-x86_64 | 1.1.1 | 2.00 | 20.00 | 22.00 | OK | |
| r-release-windows-x86_64 | 1.1.1 | 3.00 | 37.00 | 40.00 | OK | |
| r-oldrel-macos-arm64 | 1.1.1 | 1.00 | 13.00 | 14.00 | NOTE | |
| r-oldrel-macos-x86_64 | 1.1.1 | 2.00 | 25.00 | 27.00 | NOTE | |
| r-oldrel-windows-x86_64 | 1.1.1 | 3.00 | 44.00 | 47.00 | NOTE |
Version: 1.1.1
Check: package dependencies
Result: NOTE
Package suggested but not available for checking: ‘mixRasch’
Flavors: r-oldrel-macos-arm64, r-oldrel-macos-x86_64, r-oldrel-windows-x86_64