Last updated on 2025-11-20 11:51:16 CET.
| Flavor | Version | Tinstall | Tcheck | Ttotal | Status | Flags |
|---|---|---|---|---|---|---|
| r-devel-linux-x86_64-debian-clang | 0.6.2 | 197.55 | 130.02 | 327.57 | OK | |
| r-devel-linux-x86_64-debian-gcc | 0.6.2 | 127.86 | 91.61 | 219.47 | OK | |
| r-devel-linux-x86_64-fedora-clang | 0.6.2 | 307.00 | 301.36 | 608.36 | OK | |
| r-devel-linux-x86_64-fedora-gcc | 0.6.2 | 410.00 | 164.82 | 574.82 | OK | |
| r-patched-linux-x86_64 | 0.6.2 | 198.84 | 117.25 | 316.09 | OK | |
| r-release-macos-arm64 | 0.5.1 | 67.00 | -27.00 | 40.00 | OK | |
| r-release-macos-x86_64 | 0.6.2 | 78.00 | 129.00 | 207.00 | OK | |
| r-release-windows-x86_64 | 0.6.2 | 178.00 | 162.00 | 340.00 | OK | |
| r-oldrel-macos-arm64 | 0.6.2 | 1.00 | 11.00 | 12.00 | ERROR | |
| r-oldrel-macos-x86_64 | 0.6.2 | 73.00 | 119.00 | 192.00 | NOTE | |
| r-oldrel-windows-x86_64 | 0.6.2 | 162.00 | 184.00 | 346.00 | OK |
Version: 0.6.2
Check: whether package can be installed
Result: ERROR
Installation failed.
Flavor: r-oldrel-macos-arm64
Version: 0.6.2
Check: installed package size
Result: NOTE
installed size is 12.3Mb
sub-directories of 1Mb or more:
libs 11.8Mb
Flavor: r-oldrel-macos-x86_64