Last updated on 2024-08-10 09:48:14 CEST.
Flavor | Version | Tinstall | Tcheck | Ttotal | Status | Flags |
---|---|---|---|---|---|---|
r-devel-linux-x86_64-debian-clang | 0.1.1 | 36.73 | 65.25 | 101.98 | NOTE | |
r-devel-linux-x86_64-debian-gcc | 0.1.1 | 28.65 | 47.58 | 76.23 | NOTE | |
r-devel-linux-x86_64-fedora-clang | 0.1.1 | 184.60 | NOTE | |||
r-devel-linux-x86_64-fedora-gcc | 0.1.1 | 185.49 | NOTE | |||
r-devel-windows-x86_64 | 0.1.1 | 44.00 | 95.00 | 139.00 | NOTE | |
r-patched-linux-x86_64 | 0.1.1 | 39.71 | 63.35 | 103.06 | NOTE | |
r-release-linux-x86_64 | 0.1.1 | 38.98 | 63.83 | 102.81 | NOTE | |
r-release-macos-arm64 | 0.1.1 | 48.00 | NOTE | |||
r-release-macos-x86_64 | 0.1.1 | 73.00 | NOTE | |||
r-release-windows-x86_64 | 0.1.1 | 45.00 | 102.00 | 147.00 | NOTE | |
r-oldrel-macos-arm64 | 0.1.1 | 56.00 | NOTE | |||
r-oldrel-macos-x86_64 | 0.1.1 | 93.00 | NOTE | |||
r-oldrel-windows-x86_64 | 0.1.1 | 52.00 | 114.00 | 166.00 | NOTE |
Version: 0.1.1
Check: C++ specification
Result: NOTE
Specified C++11: please drop specification unless essential
Flavors: r-devel-linux-x86_64-debian-clang, r-devel-linux-x86_64-debian-gcc, r-devel-linux-x86_64-fedora-clang, r-devel-linux-x86_64-fedora-gcc, r-devel-windows-x86_64, r-patched-linux-x86_64, r-release-linux-x86_64, r-release-macos-arm64, r-release-macos-x86_64, r-release-windows-x86_64, r-oldrel-macos-arm64, r-oldrel-macos-x86_64, r-oldrel-windows-x86_64