CRAN Package Check Results for Package magicLamp

Last updated on 2025-11-16 09:49:32 CET.

Flavor Version Tinstall Tcheck Ttotal Status Flags
r-devel-linux-x86_64-debian-clang 0.1.0 1.45 18.51 19.96 NOTE
r-devel-linux-x86_64-debian-gcc 0.1.0 1.47 15.43 16.90 NOTE
r-devel-linux-x86_64-fedora-clang 0.1.0 29.70 OK
r-devel-linux-x86_64-fedora-gcc 0.1.0 28.51 OK
r-devel-windows-x86_64 0.1.0 6.00 39.00 45.00 OK
r-patched-linux-x86_64 0.1.0 1.81 17.59 19.40 OK
r-release-linux-x86_64 0.1.0 1.45 17.60 19.05 OK
r-release-macos-arm64 0.1.0 1.00 15.00 16.00 OK
r-release-macos-x86_64 0.1.0 2.00 21.00 23.00 OK
r-release-windows-x86_64 0.1.0 4.00 38.00 42.00 OK
r-oldrel-macos-arm64 0.1.0 1.00 15.00 16.00 NOTE
r-oldrel-macos-x86_64 0.1.0 1.00 18.00 19.00 NOTE
r-oldrel-windows-x86_64 0.1.0 4.00 42.00 46.00 NOTE

Check Details

Version: 0.1.0
Check: CRAN incoming feasibility
Result: NOTE Maintainer: ‘Simon Garnier <garnier@njit.edu>’ No Authors@R field in DESCRIPTION. Please add one, modifying Authors@R: person(given = "Simon", family = "Garnier", role = c("aut", "cre"), email = "garnier@njit.edu") as necessary. Flavors: r-devel-linux-x86_64-debian-clang, r-devel-linux-x86_64-debian-gcc

Version: 0.1.0
Check: LazyData
Result: NOTE 'LazyData' is specified without a 'data' directory Flavors: r-oldrel-macos-arm64, r-oldrel-macos-x86_64, r-oldrel-windows-x86_64