Last updated on 2025-11-12 10:52:48 CET.
| Flavor | Version | Tinstall | Tcheck | Ttotal | Status | Flags |
|---|---|---|---|---|---|---|
| r-devel-linux-x86_64-debian-clang | 1.0.0 | 26.67 | 152.75 | 179.42 | NOTE | |
| r-devel-linux-x86_64-debian-gcc | 1.0.0 | 20.63 | 111.60 | 132.23 | NOTE | |
| r-devel-linux-x86_64-fedora-clang | 1.0.0 | 82.00 | 194.60 | 276.60 | NOTE | |
| r-devel-linux-x86_64-fedora-gcc | 1.0.0 | 53.00 | 215.61 | 268.61 | NOTE | |
| r-devel-windows-x86_64 | 1.0.0 | 20.00 | 130.00 | 150.00 | NOTE | |
| r-patched-linux-x86_64 | 1.0.0 | 21.42 | 146.59 | 168.01 | NOTE | |
| r-release-linux-x86_64 | 1.0.0 | 28.07 | 146.18 | 174.25 | NOTE | |
| r-release-macos-arm64 | 1.0.0 | 8.00 | 53.00 | 61.00 | NOTE | |
| r-release-macos-x86_64 | 1.0.0 | 14.00 | 115.00 | 129.00 | NOTE | |
| r-release-windows-x86_64 | 1.0.0 | 20.00 | 128.00 | 148.00 | NOTE | |
| r-oldrel-macos-arm64 | 1.0.0 | 8.00 | 55.00 | 63.00 | NOTE | |
| r-oldrel-macos-x86_64 | 1.0.0 | 19.00 | 99.00 | 118.00 | NOTE | |
| r-oldrel-windows-x86_64 | 1.0.0 | 28.00 | 168.00 | 196.00 | NOTE |
Version: 1.0.0
Check: Rd files
Result: NOTE
checkRd: (-1) MHDI.Rd:23: Escaped LaTeX specials: \&
Flavors: r-devel-linux-x86_64-debian-clang, r-devel-linux-x86_64-debian-gcc, r-devel-linux-x86_64-fedora-clang, r-devel-linux-x86_64-fedora-gcc, r-devel-windows-x86_64, r-patched-linux-x86_64, r-release-linux-x86_64, r-release-macos-arm64, r-release-macos-x86_64, r-release-windows-x86_64, r-oldrel-macos-arm64, r-oldrel-macos-x86_64, r-oldrel-windows-x86_64