Last updated on 2025-10-22 09:50:38 CEST.
Flavor | Version | Tinstall | Tcheck | Ttotal | Status | Flags |
---|---|---|---|---|---|---|
r-devel-linux-x86_64-debian-clang | 0.1.3 | 20.10 | 30.96 | 51.06 | OK | |
r-devel-linux-x86_64-debian-gcc | 0.1.3 | 13.58 | 25.39 | 38.97 | OK | |
r-devel-linux-x86_64-fedora-clang | 0.1.3 | 101.00 | -5.51 | 95.49 | OK | |
r-devel-linux-x86_64-fedora-gcc | 0.1.3 | 33.00 | 63.71 | 96.71 | OK | |
r-devel-windows-x86_64 | 0.1.3 | 29.00 | 66.00 | 95.00 | OK | |
r-patched-linux-x86_64 | 0.1.3 | 19.16 | 28.51 | 47.67 | OK | |
r-release-linux-x86_64 | 0.1.3 | 20.71 | 28.13 | 48.84 | OK | |
r-release-macos-arm64 | 0.1.3 | 9.00 | 58.00 | 67.00 | OK | |
r-release-macos-x86_64 | 0.1.3 | 17.00 | 69.00 | 86.00 | OK | |
r-release-windows-x86_64 | 0.1.3 | 29.00 | 69.00 | 98.00 | OK | |
r-oldrel-macos-arm64 | 0.1.3 | 7.00 | 54.00 | 61.00 | NOTE | |
r-oldrel-macos-x86_64 | 0.1.3 | 16.00 | 82.00 | 98.00 | NOTE | |
r-oldrel-windows-x86_64 | 0.1.3 | 33.00 | 79.00 | 112.00 | NOTE |
Version: 0.1.3
Check: for GNU extensions in Makefiles
Result: NOTE
GNU make is a SystemRequirements.
Flavors: r-oldrel-macos-arm64, r-oldrel-macos-x86_64, r-oldrel-windows-x86_64