Last updated on 2024-07-19 10:56:49 CEST.
Flavor | Version | Tinstall | Tcheck | Ttotal | Status | Flags |
---|---|---|---|---|---|---|
r-devel-linux-x86_64-debian-clang | 2.0.0 | 2.14 | 32.59 | 34.73 | OK | |
r-devel-linux-x86_64-debian-gcc | 2.0.0 | 1.86 | 25.21 | 27.07 | OK | |
r-devel-linux-x86_64-fedora-clang | 2.0.0 | 46.20 | OK | |||
r-devel-linux-x86_64-fedora-gcc | 2.0.0 | 43.82 | OK | |||
r-devel-windows-x86_64 | 2.0.0 | 3.00 | 52.00 | 55.00 | OK | |
r-patched-linux-x86_64 | 2.0.0 | 2.49 | 31.49 | 33.98 | OK | |
r-release-linux-x86_64 | 2.0.0 | 1.79 | 31.46 | 33.25 | OK | |
r-release-macos-arm64 | 2.0.0 | 21.00 | NOTE | |||
r-release-macos-x86_64 | 2.0.0 | 46.00 | OK | |||
r-release-windows-x86_64 | 2.0.0 | 3.00 | 52.00 | 55.00 | OK | |
r-oldrel-macos-arm64 | 2.0.0 | 23.00 | OK | |||
r-oldrel-macos-x86_64 | 2.0.0 | 45.00 | OK | |||
r-oldrel-windows-x86_64 | 2.0.0 | 4.00 | 52.00 | 56.00 | OK |
Version: 2.0.0
Check: package dependencies
Result: NOTE
Package suggested but not available for checking: ‘V8’
Flavor: r-release-macos-arm64