Last updated on 2025-10-31 09:50:20 CET.
| Flavor | Version | Tinstall | Tcheck | Ttotal | Status | Flags | 
|---|---|---|---|---|---|---|
| r-devel-linux-x86_64-debian-clang | 1.2.0 | 3.64 | 55.49 | 59.13 | NOTE | |
| r-devel-linux-x86_64-debian-gcc | 1.2.0 | 2.34 | 38.35 | 40.69 | NOTE | |
| r-devel-linux-x86_64-fedora-clang | 1.2.0 | 17.00 | 78.55 | 95.55 | OK | |
| r-devel-linux-x86_64-fedora-gcc | 1.2.0 | 97.22 | OK | |||
| r-devel-windows-x86_64 | 1.2.0 | 5.00 | 74.00 | 79.00 | OK | |
| r-patched-linux-x86_64 | 1.2.0 | 4.17 | 51.33 | 55.50 | OK | |
| r-release-linux-x86_64 | 1.2.0 | 3.09 | 51.88 | 54.97 | OK | |
| r-release-macos-arm64 | 1.2.0 | 2.00 | 32.00 | 34.00 | OK | |
| r-release-macos-x86_64 | 1.2.0 | 3.00 | 63.00 | 66.00 | OK | |
| r-release-windows-x86_64 | 1.2.0 | 5.00 | 76.00 | 81.00 | OK | |
| r-oldrel-macos-arm64 | 1.2.0 | 2.00 | 30.00 | 32.00 | OK | |
| r-oldrel-macos-x86_64 | 1.2.0 | 2.00 | 58.00 | 60.00 | OK | |
| r-oldrel-windows-x86_64 | 1.2.0 | 6.00 | 89.00 | 95.00 | OK | 
Version: 1.2.0
Check: CRAN incoming feasibility
Result: NOTE
  Maintainer: ‘Kerstin Johnsson <kerstin.johnsson@hotmail.com>’
  
  No Authors@R field in DESCRIPTION.
  Please add one, modifying
    Authors@R: c(person(given = "Kerstin",
                        family = "Johnsson",
                        role = c("aut", "cre"),
                        email = "kerstin.johnsson@hotmail.com"),
                 person(given = "Lund",
                        family = "University",
                        role = "aut"))
  as necessary.
Flavors: r-devel-linux-x86_64-debian-clang, r-devel-linux-x86_64-debian-gcc