Last updated on 2025-10-31 09:50:20 CET.
| Flavor | Version | Tinstall | Tcheck | Ttotal | Status | Flags | 
|---|---|---|---|---|---|---|
| r-devel-linux-x86_64-debian-clang | 0.1.3 | 46.93 | 37.52 | 84.45 | NOTE | |
| r-devel-linux-x86_64-debian-gcc | 0.1.3 | 33.45 | 33.31 | 66.76 | NOTE | |
| r-devel-linux-x86_64-fedora-clang | 0.1.3 | 144.00 | 2.23 | 146.23 | NOTE | |
| r-devel-linux-x86_64-fedora-gcc | 0.1.3 | 88.00 | 68.12 | 156.12 | NOTE | |
| r-devel-windows-x86_64 | 0.1.3 | 47.00 | 87.00 | 134.00 | NOTE | |
| r-patched-linux-x86_64 | 0.1.3 | 46.13 | 41.03 | 87.16 | NOTE | |
| r-release-linux-x86_64 | 0.1.3 | 50.31 | 40.67 | 90.98 | NOTE | |
| r-release-macos-arm64 | 0.1.3 | 17.00 | 29.00 | 46.00 | NOTE | |
| r-release-macos-x86_64 | 0.1.3 | 34.00 | 61.00 | 95.00 | NOTE | |
| r-release-windows-x86_64 | 0.1.3 | 50.00 | 88.00 | 138.00 | NOTE | |
| r-oldrel-macos-arm64 | 0.1.3 | 18.00 | 26.00 | 44.00 | NOTE | |
| r-oldrel-macos-x86_64 | 0.1.3 | 41.00 | 71.00 | 112.00 | NOTE | |
| r-oldrel-windows-x86_64 | 0.1.3 | 57.00 | 102.00 | 159.00 | NOTE | 
Version: 0.1.3
Check: CRAN incoming feasibility
Result: NOTE
  Maintainer: ‘Yuan Wu <yuan.wu@duke.edu>’
  
  No Authors@R field in DESCRIPTION.
  Please add one, modifying
    Authors@R: c(person(given = "Jiaxing",
                        family = "Lin",
                        role = "aut"),
                 person(given = "Yuan",
                        family = "Wu",
                        role = c("aut", "cre"),
                        email = "yuan.wu@duke.edu"),
                 person(given = "Xiaofei",
                        family = "Wang",
                        role = "aut"),
                 person(given = "Kouros",
                        family = "Owzar.",
                        role = "aut"))
  as necessary.
Flavors: r-devel-linux-x86_64-debian-clang, r-devel-linux-x86_64-debian-gcc
Version: 0.1.3
Check: C++ specification
Result: NOTE
    Specified C++11: please drop specification unless essential
Flavors: r-devel-linux-x86_64-debian-clang, r-devel-linux-x86_64-debian-gcc, r-devel-linux-x86_64-fedora-clang, r-devel-linux-x86_64-fedora-gcc, r-devel-windows-x86_64, r-patched-linux-x86_64, r-release-linux-x86_64, r-release-macos-arm64, r-release-macos-x86_64, r-release-windows-x86_64, r-oldrel-macos-arm64, r-oldrel-macos-x86_64, r-oldrel-windows-x86_64
Version: 0.1.3
Check: installed package size
Result: NOTE
    installed size is 17.5Mb
    sub-directories of 1Mb or more:
      libs  17.3Mb
Flavors: r-oldrel-macos-arm64, r-oldrel-macos-x86_64