Last updated on 2025-10-25 09:49:32 CEST.
| Flavor | Version | Tinstall | Tcheck | Ttotal | Status | Flags |
|---|---|---|---|---|---|---|
| r-devel-linux-x86_64-debian-clang | 0.1.0 | 18.46 | 148.88 | 167.34 | NOTE | |
| r-devel-linux-x86_64-debian-gcc | 0.1.0 | 11.18 | 99.24 | 110.42 | NOTE | |
| r-devel-linux-x86_64-fedora-clang | 0.1.0 | 44.00 | 226.18 | 270.18 | OK | |
| r-devel-linux-x86_64-fedora-gcc | 0.1.0 | 39.00 | 197.83 | 236.83 | OK | |
| r-devel-windows-x86_64 | 0.1.0 | 18.00 | 147.00 | 165.00 | OK | |
| r-patched-linux-x86_64 | 0.1.0 | 17.56 | 142.59 | 160.15 | OK | |
| r-release-linux-x86_64 | 0.1.0 | 14.01 | 143.24 | 157.25 | OK | |
| r-release-macos-arm64 | 0.1.0 | 6.00 | 61.00 | 67.00 | OK | |
| r-release-macos-x86_64 | 0.1.0 | 16.00 | 126.00 | 142.00 | OK | |
| r-release-windows-x86_64 | 0.1.0 | 20.00 | 152.00 | 172.00 | OK | |
| r-oldrel-macos-arm64 | 0.1.0 | 7.00 | 63.00 | 70.00 | NOTE | |
| r-oldrel-macos-x86_64 | 0.1.0 | 10.00 | 107.00 | 117.00 | NOTE | |
| r-oldrel-windows-x86_64 | 0.1.0 | 27.00 | 203.00 | 230.00 | NOTE |
Version: 0.1.0
Check: CRAN incoming feasibility
Result: NOTE
Maintainer: ‘Ezequiel Toum <etoum@mendoza-conicet.gob.ar>’
No Authors@R field in DESCRIPTION.
Please add one, modifying
Authors@R: person(given = "Ezequiel",
family = "Toum",
role = c("aut", "cre"),
email = "etoum@mendoza-conicet.gob.ar")
as necessary.
Flavors: r-devel-linux-x86_64-debian-clang, r-devel-linux-x86_64-debian-gcc
Version: 0.1.0
Check: installed package size
Result: NOTE
installed size is 5.3Mb
sub-directories of 1Mb or more:
extdata 4.8Mb
Flavors: r-oldrel-macos-arm64, r-oldrel-macos-x86_64, r-oldrel-windows-x86_64
Version: 0.1.0
Check: LazyData
Result: NOTE
'LazyData' is specified without a 'data' directory
Flavors: r-oldrel-macos-arm64, r-oldrel-macos-x86_64, r-oldrel-windows-x86_64