Last updated on 2025-11-16 09:49:29 CET.
| Flavor | Version | Tinstall | Tcheck | Ttotal | Status | Flags |
|---|---|---|---|---|---|---|
| r-devel-linux-x86_64-debian-clang | 0.7-0.1 | 6.95 | 134.45 | 141.40 | NOTE | |
| r-devel-linux-x86_64-debian-gcc | 0.7-0.1 | 6.45 | 102.05 | 108.50 | OK | |
| r-devel-linux-x86_64-fedora-clang | 0.7-0.1 | 20.00 | 204.82 | 224.82 | OK | |
| r-devel-linux-x86_64-fedora-gcc | 0.7-0.1 | 42.00 | 208.41 | 250.41 | OK | |
| r-devel-windows-x86_64 | 0.7-0.1 | 12.00 | 304.00 | 316.00 | NOTE | |
| r-patched-linux-x86_64 | 0.7-0.1 | 10.85 | 132.77 | 143.62 | OK | |
| r-release-linux-x86_64 | 0.7-0.1 | 8.39 | 130.89 | 139.28 | OK | |
| r-release-macos-arm64 | 0.7-0.1 | 4.00 | 85.00 | 89.00 | OK | |
| r-release-macos-x86_64 | 0.7-0.1 | 8.00 | 144.00 | 152.00 | OK | |
| r-release-windows-x86_64 | 0.7-0.1 | 12.00 | 311.00 | 323.00 | OK | |
| r-oldrel-macos-arm64 | 0.7-0.1 | 4.00 | 89.00 | 93.00 | OK | |
| r-oldrel-macos-x86_64 | 0.7-0.1 | 17.00 | 145.00 | 162.00 | OK | |
| r-oldrel-windows-x86_64 | 0.7-0.1 | 14.00 | 305.00 | 319.00 | OK |
Version: 0.7-0.1
Check: Rd files
Result: NOTE
checkRd: (-1) hydroTSM-package.Rd:35-43: Only 2 columns allowed in this table (row 1 has 1)
checkRd: (-1) hydroTSM-package.Rd:35-43: Only 2 columns allowed in this table (row 2 has 1)
checkRd: (-1) hydroTSM-package.Rd:35-43: Only 2 columns allowed in this table (row 3 has 1)
checkRd: (-1) hydroTSM-package.Rd:35-43: Only 2 columns allowed in this table (row 4 has 1)
checkRd: (-1) hydroTSM-package.Rd:35-43: Only 2 columns allowed in this table (row 5 has 1)
checkRd: (-1) hydroTSM-package.Rd:35-43: Only 2 columns allowed in this table (row 6 has 1)
checkRd: (-1) hydroTSM-package.Rd:35-43: Only 2 columns allowed in this table (row 7 has 1)
checkRd: (-1) hydroTSM-package.Rd:47-65: Only 2 columns allowed in this table (row 1 has 1)
checkRd: (-1) hydroTSM-package.Rd:47-65: Only 2 columns allowed in this table (row 2 has 1)
checkRd: (-1) hydroTSM-package.Rd:47-65: Only 2 columns allowed in this table (row 3 has 1)
checkRd: (-1) hydroTSM-package.Rd:47-65: Only 2 columns allowed in this table (row 4 has 1)
checkRd: (-1) hydroTSM-package.Rd:47-65: Only 2 columns allowed in this table (row 5 has 1)
checkRd: (-1) hydroTSM-package.Rd:47-65: Only 2 columns allowed in this table (row 6 has 1)
checkRd: (-1) hydroTSM-package.Rd:47-65: Only 2 columns allowed in this table (row 7 has 1)
checkRd: (-1) hydroTSM-package.Rd:47-65: Only 2 columns allowed in this table (row 8 has 1)
checkRd: (-1) hydroTSM-package.Rd:47-65: Only 2 columns allowed in this table (row 9 has 1)
checkRd: (-1) hydroTSM-package.Rd:47-65: Only 2 columns allowed in this table (row 10 has 1)
checkRd: (-1) hydroTSM-package.Rd:47-65: Only 2 columns allowed in this table (row 11 has 1)
checkRd: (-1) hydroTSM-package.Rd:47-65: Only 2 columns allowed in this table (row 12 has 1)
checkRd: (-1) hydroTSM-package.Rd:47-65: Only 2 columns allowed in this table (row 13 has 1)
checkRd: (-1) hydroTSM-package.Rd:47-65: Only 2 columns allowed in this table (row 14 has 1)
checkRd: (-1) hydroTSM-package.Rd:47-65: Only 2 columns allowed in this table (row 15 has 1)
checkRd: (-1) hydroTSM-package.Rd:47-65: Only 2 columns allowed in this table (row 16 has 1)
checkRd: (-1) hydroTSM-package.Rd:47-65: Only 2 columns allowed in this table (row 17 has 1)
checkRd: (-1) hydroTSM-package.Rd:69-79: Only 2 columns allowed in this table (row 1 has 1)
checkRd: (-1) hydroTSM-package.Rd:69-79: Only 2 columns allowed in this table (row 2 has 1)
checkRd: (-1) hydroTSM-package.Rd:69-79: Only 2 columns allowed in this table (row 3 has 1)
checkRd: (-1) hydroTSM-package.Rd:69-79: Only 2 columns allowed in this table (row 4 has 1)
checkRd: (-1) hydroTSM-package.Rd:69-79: Only 2 columns allowed in this table (row 5 has 1)
checkRd: (-1) hydroTSM-package.Rd:69-79: Only 2 columns allowed in this table (row 6 has 1)
checkRd: (-1) hydroTSM-package.Rd:69-79: Only 2 columns allowed in this table (row 7 has 1)
checkRd: (-1) hydroTSM-package.Rd:69-79: Only 2 columns allowed in this table (row 8 has 1)
checkRd: (-1) hydroTSM-package.Rd:69-79: Only 2 columns allowed in this table (row 9 has 1)
checkRd: (-1) hydroTSM-package.Rd:83-96: Only 2 columns allowed in this table (row 1 has 1)
checkRd: (-1) hydroTSM-package.Rd:83-96: Only 2 columns allowed in this table (row 2 has 1)
checkRd: (-1) hydroTSM-package.Rd:83-96: Only 2 columns allowed in this table (row 3 has 1)
checkRd: (-1) hydroTSM-package.Rd:83-96: Only 2 columns allowed in this table (row 4 has 1)
checkRd: (-1) hydroTSM-package.Rd:83-96: Only 2 columns allowed in this table (row 5 has 1)
checkRd: (-1) hydroTSM-package.Rd:83-96: Only 2 columns allowed in this table (row 6 has 1)
checkRd: (-1) hydroTSM-package.Rd:83-96: Only 2 columns allowed in this table (row 7 has 1)
checkRd: (-1) hydroTSM-package.Rd:83-96: Only 2 columns allowed in this table (row 8 has 1)
checkRd: (-1) hydroTSM-package.Rd:83-96: Only 2 columns allowed in this table (row 9 has 1)
checkRd: (-1) hydroTSM-package.Rd:83-96: Only 2 columns allowed in this table (row 10 has 1)
checkRd: (-1) hydroTSM-package.Rd:83-96: Only 2 columns allowed in this table (row 11 has 1)
checkRd: (-1) hydroTSM-package.Rd:83-96: Only 2 columns allowed in this table (row 12 has 1)
checkRd: (-1) hydroTSM-package.Rd:100-116: Only 2 columns allowed in this table (row 1 has 1)
checkRd: (-1) hydroTSM-package.Rd:100-116: Only 2 columns allowed in this table (row 2 has 1)
checkRd: (-1) hydroTSM-package.Rd:100-116: Only 2 columns allowed in this table (row 3 has 1)
checkRd: (-1) hydroTSM-package.Rd:100-116: Only 2 columns allowed in this table (row 4 has 1)
checkRd: (-1) hydroTSM-package.Rd:100-116: Only 2 columns allowed in this table (row 5 has 1)
checkRd: (-1) hydroTSM-package.Rd:100-116: Only 2 columns allowed in this table (row 6 has 1)
checkRd: (-1) hydroTSM-package.Rd:100-116: Only 2 columns allowed in this table (row 7 has 1)
checkRd: (-1) hydroTSM-package.Rd:100-116: Only 2 columns allowed in this table (row 8 has 1)
checkRd: (-1) hydroTSM-package.Rd:100-116: Only 2 columns allowed in this table (row 9 has 1)
checkRd: (-1) hydroTSM-package.Rd:100-116: Only 2 columns allowed in this table (row 10 has 1)
checkRd: (-1) hydroTSM-package.Rd:100-116: Only 2 columns allowed in this table (row 11 has 1)
checkRd: (-1) hydroTSM-package.Rd:100-116: Only 2 columns allowed in this table (row 12 has 1)
checkRd: (-1) hydroTSM-package.Rd:100-116: Only 2 columns allowed in this table (row 13 has 1)
checkRd: (-1) hydroTSM-package.Rd:100-116: Only 2 columns allowed in this table (row 14 has 1)
checkRd: (-1) hydroTSM-package.Rd:100-116: Only 2 columns allowed in this table (row 15 has 1)
Flavors: r-devel-linux-x86_64-debian-clang, r-devel-windows-x86_64