Last updated on 2025-11-25 11:51:51 CET.
| Flavor | Version | Tinstall | Tcheck | Ttotal | Status | Flags |
|---|---|---|---|---|---|---|
| r-devel-linux-x86_64-debian-clang | 0.5.2 | 4.41 | 104.18 | 108.59 | ERROR | |
| r-devel-linux-x86_64-debian-gcc | 0.5.2 | 2.58 | 73.83 | 76.41 | ERROR | |
| r-devel-linux-x86_64-fedora-clang | 0.5.2 | 18.00 | 154.82 | 172.82 | ERROR | |
| r-devel-linux-x86_64-fedora-gcc | 0.5.2 | 10.00 | 162.64 | 172.64 | ERROR | |
| r-devel-windows-x86_64 | 0.5.2 | 11.00 | 145.00 | 156.00 | OK | |
| r-patched-linux-x86_64 | 0.5.2 | 3.81 | 141.83 | 145.64 | OK | |
| r-release-linux-x86_64 | 0.5.2 | 3.86 | 142.63 | 146.49 | OK | |
| r-release-macos-arm64 | 0.5.2 | OK | ||||
| r-release-macos-x86_64 | 0.5.2 | 4.00 | 141.00 | 145.00 | OK | |
| r-release-windows-x86_64 | 0.5.2 | 7.00 | 131.00 | 138.00 | OK | |
| r-oldrel-macos-arm64 | 0.5.2 | OK | ||||
| r-oldrel-macos-x86_64 | 0.5.2 | 4.00 | 139.00 | 143.00 | OK | |
| r-oldrel-windows-x86_64 | 0.5.2 | 8.00 | 172.00 | 180.00 | OK |
Version: 0.5.2
Check: re-building of vignette outputs
Result: ERROR
Error(s) in re-building vignettes:
...
--- re-building ‘data_extraction_naiades.Rmd’ using rmarkdown
[WARNING] Deprecated: --highlight-style. Use --syntax-highlighting instead.
--- finished re-building ‘data_extraction_naiades.Rmd’
--- re-building ‘example_ecoulement_api.Rmd’ using rmarkdown
Quitting from example_ecoulement_api.Rmd:40-47 [setup]
~~~~~~~~~~~~~~~~~~~~~~~~~~~~~~~~~~~~~~~~~~~~~~~~~~~~~~~~~~~~~~~~~~~~~~~~~~~~~~~~
<error/rlang_error>
Error in `library()`:
! there is no package called 'mapview'
---
Backtrace:
▆
1. └─base::library(mapview)
~~~~~~~~~~~~~~~~~~~~~~~~~~~~~~~~~~~~~~~~~~~~~~~~~~~~~~~~~~~~~~~~~~~~~~~~~~~~~~~~
Error: processing vignette 'example_ecoulement_api.Rmd' failed with diagnostics:
there is no package called 'mapview'
--- failed re-building ‘example_ecoulement_api.Rmd’
--- re-building ‘example_niveaux_nappes_api.Rmd’ using rmarkdown
Quitting from example_niveaux_nappes_api.Rmd:37-45 [setup]
~~~~~~~~~~~~~~~~~~~~~~~~~~~~~~~~~~~~~~~~~~~~~~~~~~~~~~~~~~~~~~~~~~~~~~~~~~~~~~~~
<error/rlang_error>
Error in `library()`:
! there is no package called 'mapview'
---
Backtrace:
▆
1. └─base::library(mapview)
~~~~~~~~~~~~~~~~~~~~~~~~~~~~~~~~~~~~~~~~~~~~~~~~~~~~~~~~~~~~~~~~~~~~~~~~~~~~~~~~
Error: processing vignette 'example_niveaux_nappes_api.Rmd' failed with diagnostics:
there is no package called 'mapview'
--- failed re-building ‘example_niveaux_nappes_api.Rmd’
SUMMARY: processing the following files failed:
‘example_ecoulement_api.Rmd’ ‘example_niveaux_nappes_api.Rmd’
Error: Vignette re-building failed.
Execution halted
Flavors: r-devel-linux-x86_64-debian-clang, r-devel-linux-x86_64-debian-gcc
Version: 0.5.2
Check: re-building of vignette outputs
Result: ERROR
Error(s) in re-building vignettes:
--- re-building ‘data_extraction_naiades.Rmd’ using rmarkdown
[WARNING] Deprecated: --highlight-style. Use --syntax-highlighting instead.
--- finished re-building ‘data_extraction_naiades.Rmd’
--- re-building ‘example_ecoulement_api.Rmd’ using rmarkdown
Quitting from example_ecoulement_api.Rmd:40-47 [setup]
~~~~~~~~~~~~~~~~~~~~~~~~~~~~~~~~~~~~~~~~~~~~~~~~~~~~~~~~~~~~~~~~~~~~~~~~~~~~~~~~
<error/rlang_error>
Error in `library()`:
! there is no package called 'mapview'
---
Backtrace:
▆
1. └─base::library(mapview)
~~~~~~~~~~~~~~~~~~~~~~~~~~~~~~~~~~~~~~~~~~~~~~~~~~~~~~~~~~~~~~~~~~~~~~~~~~~~~~~~
Error: processing vignette 'example_ecoulement_api.Rmd' failed with diagnostics:
there is no package called 'mapview'
--- failed re-building ‘example_ecoulement_api.Rmd’
--- re-building ‘example_niveaux_nappes_api.Rmd’ using rmarkdown
Quitting from example_niveaux_nappes_api.Rmd:37-45 [setup]
~~~~~~~~~~~~~~~~~~~~~~~~~~~~~~~~~~~~~~~~~~~~~~~~~~~~~~~~~~~~~~~~~~~~~~~~~~~~~~~~
<error/rlang_error>
Error in `library()`:
! there is no package called 'mapview'
---
Backtrace:
▆
1. └─base::library(mapview)
~~~~~~~~~~~~~~~~~~~~~~~~~~~~~~~~~~~~~~~~~~~~~~~~~~~~~~~~~~~~~~~~~~~~~~~~~~~~~~~~
Error: processing vignette 'example_niveaux_nappes_api.Rmd' failed with diagnostics:
there is no package called 'mapview'
--- failed re-building ‘example_niveaux_nappes_api.Rmd’
SUMMARY: processing the following files failed:
‘example_ecoulement_api.Rmd’ ‘example_niveaux_nappes_api.Rmd’
Error: Vignette re-building failed.
Execution halted
Flavors: r-devel-linux-x86_64-fedora-clang, r-devel-linux-x86_64-fedora-gcc