Last updated on 2025-10-31 09:50:19 CET.
| Flavor | Version | Tinstall | Tcheck | Ttotal | Status | Flags | 
|---|---|---|---|---|---|---|
| r-devel-linux-x86_64-debian-clang | 1.1.3 | 1.87 | 20.43 | 22.30 | NOTE | |
| r-devel-linux-x86_64-debian-gcc | 1.1.3 | 1.55 | 17.21 | 18.76 | NOTE | |
| r-devel-linux-x86_64-fedora-clang | 1.1.3 | 35.66 | OK | |||
| r-devel-linux-x86_64-fedora-gcc | 1.1.3 | 30.60 | OK | |||
| r-devel-windows-x86_64 | 1.1.3 | 3.00 | 39.00 | 42.00 | OK | |
| r-patched-linux-x86_64 | 1.1.3 | 1.58 | 19.36 | 20.94 | OK | |
| r-release-linux-x86_64 | 1.1.3 | 2.01 | 19.46 | 21.47 | OK | |
| r-release-macos-arm64 | 1.1.3 | 1.00 | 14.00 | 15.00 | OK | |
| r-release-macos-x86_64 | 1.1.3 | 2.00 | 23.00 | 25.00 | OK | |
| r-release-windows-x86_64 | 1.1.3 | 4.00 | 45.00 | 49.00 | OK | |
| r-oldrel-macos-arm64 | 1.1.3 | 1.00 | 12.00 | 13.00 | OK | |
| r-oldrel-macos-x86_64 | 1.1.3 | 2.00 | 19.00 | 21.00 | OK | |
| r-oldrel-windows-x86_64 | 1.1.3 | 3.00 | 40.00 | 43.00 | OK | 
Version: 1.1.3
Check: CRAN incoming feasibility
Result: NOTE
  Maintainer: ‘Jonathan Schwartz <jzs1986@gmail.com>’
  
  No Authors@R field in DESCRIPTION.
  Please add one, modifying
    Authors@R: person(given = "Jonathan",
                      family = "Schwartz",
                      role = c("aut", "cre"),
                      email = "jzs1986@gmail.com")
  as necessary.
Flavors: r-devel-linux-x86_64-debian-clang, r-devel-linux-x86_64-debian-gcc