Last updated on 2024-07-19 10:56:46 CEST.
Flavor | Version | Tinstall | Tcheck | Ttotal | Status | Flags |
---|---|---|---|---|---|---|
r-devel-linux-x86_64-debian-clang | 0.2.4 | 134.30 | 34.37 | 168.67 | NOTE | |
r-devel-linux-x86_64-debian-gcc | 0.2.4 | 72.58 | 26.91 | 99.49 | NOTE | |
r-devel-linux-x86_64-fedora-clang | 0.2.4 | 264.52 | NOTE | |||
r-devel-linux-x86_64-fedora-gcc | 0.2.4 | 283.63 | NOTE | |||
r-devel-windows-x86_64 | 0.2.4 | 82.00 | 72.00 | 154.00 | NOTE | |
r-patched-linux-x86_64 | 0.2.4 | 107.21 | 33.96 | 141.17 | OK | |
r-release-linux-x86_64 | 0.2.4 | 111.55 | 33.05 | 144.60 | OK | |
r-release-macos-arm64 | 0.2.4 | 53.00 | NOTE | |||
r-release-macos-x86_64 | 0.2.4 | 81.00 | OK | |||
r-release-windows-x86_64 | 0.2.4 | 106.00 | 68.00 | 174.00 | OK | |
r-oldrel-macos-arm64 | 0.2.4 | 73.00 | NOTE | |||
r-oldrel-macos-x86_64 | 0.2.4 | 144.00 | OK | |||
r-oldrel-windows-x86_64 | 0.2.4 | 113.00 | 79.00 | 192.00 | OK |
Version: 0.2.4
Check: compiled code
Result: NOTE
File ‘geometries/libs/geometries.so’:
Found non-API call to R: ‘STRING_PTR’
Compiled code should not call non-API entry points in R.
See ‘Writing portable packages’ in the ‘Writing R Extensions’ manual,
and section ‘Moving into C API compliance’ for issues with the use of
non-API entry points.
Flavors: r-devel-linux-x86_64-debian-clang, r-devel-linux-x86_64-debian-gcc, r-devel-linux-x86_64-fedora-clang, r-devel-linux-x86_64-fedora-gcc
Version: 0.2.4
Check: compiled code
Result: NOTE
File 'geometries/libs/x64/geometries.dll':
Found non-API call to R: 'STRING_PTR'
Compiled code should not call non-API entry points in R.
See 'Writing portable packages' in the 'Writing R Extensions' manual,
and section 'Moving into C API compliance' for issues with the use of
non-API entry points.
Flavor: r-devel-windows-x86_64
Version: 0.2.4
Check: installed package size
Result: NOTE
installed size is 5.0Mb
sub-directories of 1Mb or more:
libs 4.6Mb
Flavors: r-release-macos-arm64, r-oldrel-macos-arm64