Last updated on 2024-07-19 10:56:45 CEST.
Flavor | Version | Tinstall | Tcheck | Ttotal | Status | Flags |
---|---|---|---|---|---|---|
r-devel-linux-x86_64-debian-clang | 2.0.8 | 6.75 | 109.13 | 115.88 | NOTE | |
r-devel-linux-x86_64-debian-gcc | 2.0.8 | 3.95 | 77.47 | 81.42 | NOTE | |
r-devel-linux-x86_64-fedora-clang | 2.0.8 | 146.86 | NOTE | |||
r-devel-linux-x86_64-fedora-gcc | 2.0.8 | 146.75 | NOTE | |||
r-devel-windows-x86_64 | 2.0.8 | 6.00 | 92.00 | 98.00 | NOTE | |
r-patched-linux-x86_64 | 2.0.8 | 5.77 | 102.60 | 108.37 | NOTE | |
r-release-linux-x86_64 | 2.0.8 | 5.28 | 99.45 | 104.73 | NOTE | |
r-release-macos-arm64 | 2.0.8 | 40.00 | NOTE | |||
r-release-macos-x86_64 | 2.0.8 | 63.00 | NOTE | |||
r-release-windows-x86_64 | 2.0.8 | 8.00 | 90.00 | 98.00 | NOTE | |
r-oldrel-macos-arm64 | 2.0.8 | 43.00 | NOTE | |||
r-oldrel-macos-x86_64 | 2.0.8 | 71.00 | NOTE | |||
r-oldrel-windows-x86_64 | 2.0.8 | 6.00 | 103.00 | 109.00 | NOTE |
Version: 2.0.8
Check: package subdirectories
Result: NOTE
Problems with news in ‘NEWS.md’:
No news entries found.
Flavors: r-devel-linux-x86_64-debian-clang, r-devel-linux-x86_64-debian-gcc, r-devel-linux-x86_64-fedora-clang, r-devel-linux-x86_64-fedora-gcc, r-devel-windows-x86_64, r-patched-linux-x86_64, r-release-linux-x86_64, r-release-macos-arm64, r-release-macos-x86_64, r-release-windows-x86_64, r-oldrel-macos-arm64, r-oldrel-macos-x86_64, r-oldrel-windows-x86_64