Last updated on 2025-11-13 09:50:45 CET.
| Flavor | Version | Tinstall | Tcheck | Ttotal | Status | Flags |
|---|---|---|---|---|---|---|
| r-devel-linux-x86_64-debian-clang | 1.0.0 | 37.21 | 25.33 | 62.54 | OK | |
| r-devel-linux-x86_64-debian-gcc | 1.0.0 | 37.05 | 20.74 | 57.79 | OK | |
| r-devel-linux-x86_64-fedora-clang | 1.0.0 | 74.00 | 21.10 | 95.10 | OK | |
| r-devel-linux-x86_64-fedora-gcc | 1.0.0 | 82.00 | 14.17 | 96.17 | OK | |
| r-devel-windows-x86_64 | 1.0.0 | 41.00 | 44.00 | 85.00 | OK | |
| r-patched-linux-x86_64 | 1.0.0 | 38.62 | 24.02 | 62.64 | OK | |
| r-release-linux-x86_64 | 1.0.0 | 36.25 | 23.87 | 60.12 | OK | |
| r-release-macos-arm64 | 1.0.0 | 35.00 | 19.00 | 54.00 | OK | |
| r-release-macos-x86_64 | 1.0.0 | 44.00 | 30.00 | 74.00 | OK | |
| r-release-windows-x86_64 | 1.0.0 | 43.00 | 44.00 | 87.00 | OK | |
| r-oldrel-macos-arm64 | 1.0.0 | 32.00 | 20.00 | 52.00 | NOTE | |
| r-oldrel-macos-x86_64 | 1.0.0 | 32.00 | 24.00 | 56.00 | NOTE | |
| r-oldrel-windows-x86_64 | 1.0.0 | 40.00 | 53.00 | 93.00 | NOTE |
Version: 1.0.0
Check: installed package size
Result: NOTE
installed size is 7.3Mb
sub-directories of 1Mb or more:
data 7.2Mb
Flavors: r-oldrel-macos-arm64, r-oldrel-macos-x86_64, r-oldrel-windows-x86_64