Last updated on 2025-10-31 09:50:15 CET.
| Flavor | Version | Tinstall | Tcheck | Ttotal | Status | Flags | 
|---|---|---|---|---|---|---|
| r-devel-linux-x86_64-debian-clang | 7.2.0 | 2.63 | 26.13 | 28.76 | NOTE | |
| r-devel-linux-x86_64-debian-gcc | 7.2.0 | 1.93 | 20.99 | 22.92 | NOTE | |
| r-devel-linux-x86_64-fedora-clang | 7.2.0 | 42.57 | OK | |||
| r-devel-linux-x86_64-fedora-gcc | 7.2.0 | 40.48 | OK | |||
| r-devel-windows-x86_64 | 7.2.0 | 5.00 | 44.00 | 49.00 | OK | |
| r-patched-linux-x86_64 | 7.2.0 | 2.15 | 24.36 | 26.51 | OK | |
| r-release-linux-x86_64 | 7.2.0 | 2.80 | 24.38 | 27.18 | OK | |
| r-release-macos-arm64 | 7.2.0 | 1.00 | 17.00 | 18.00 | OK | |
| r-release-macos-x86_64 | 7.2.0 | 2.00 | 25.00 | 27.00 | OK | |
| r-release-windows-x86_64 | 7.2.0 | 4.00 | 46.00 | 50.00 | OK | |
| r-oldrel-macos-arm64 | 7.2.0 | 1.00 | 16.00 | 17.00 | OK | |
| r-oldrel-macos-x86_64 | 7.2.0 | 2.00 | 22.00 | 24.00 | OK | |
| r-oldrel-windows-x86_64 | 7.2.0 | 6.00 | 51.00 | 57.00 | OK | 
Version: 7.2.0
Check: CRAN incoming feasibility
Result: NOTE
  Maintainer: ‘Gaurav Bansal <gaurbans@gmail.com>’
  
  No Authors@R field in DESCRIPTION.
  Please add one, modifying
    Authors@R: person(given = "Gaurav",
                      family = "Bansal",
                      role = c("aut", "cre"),
                      email = "gaurbans@gmail.com")
  as necessary.
Flavors: r-devel-linux-x86_64-debian-clang, r-devel-linux-x86_64-debian-gcc