Last updated on 2025-10-31 09:50:15 CET.
| Flavor | Version | Tinstall | Tcheck | Ttotal | Status | Flags | 
|---|---|---|---|---|---|---|
| r-devel-linux-x86_64-debian-clang | 0.2-9.6 | 1.95 | 26.60 | 28.55 | NOTE | |
| r-devel-linux-x86_64-debian-gcc | 0.2-9.6 | 1.75 | 20.99 | 22.74 | NOTE | |
| r-devel-linux-x86_64-fedora-clang | 0.2-9.6 | 42.91 | OK | |||
| r-devel-linux-x86_64-fedora-gcc | 0.2-9.6 | 40.77 | OK | |||
| r-devel-windows-x86_64 | 0.2-9.6 | 4.00 | 45.00 | 49.00 | OK | |
| r-patched-linux-x86_64 | 0.2-9.6 | 2.44 | 25.35 | 27.79 | OK | |
| r-release-linux-x86_64 | 0.2-9.6 | 2.27 | 25.24 | 27.51 | OK | |
| r-release-macos-arm64 | 0.2-9.6 | 1.00 | 19.00 | 20.00 | OK | |
| r-release-macos-x86_64 | 0.2-9.6 | 2.00 | 27.00 | 29.00 | OK | |
| r-release-windows-x86_64 | 0.2-9.6 | 4.00 | 46.00 | 50.00 | OK | |
| r-oldrel-macos-arm64 | 0.2-9.6 | 1.00 | 16.00 | 17.00 | OK | |
| r-oldrel-macos-x86_64 | 0.2-9.6 | 2.00 | 24.00 | 26.00 | OK | |
| r-oldrel-windows-x86_64 | 0.2-9.6 | 5.00 | 53.00 | 58.00 | OK | 
Version: 0.2-9.6
Check: CRAN incoming feasibility
Result: NOTE
  Maintainer: ‘M. Leeds <markleeds2@gmail.com>’
  
  No Authors@R field in DESCRIPTION.
  Please add one, modifying
    Authors@R: c(person(given = "G.",
                        family = "Grothendieck",
                        role = "aut"),
                 person(given = "M.",
                        family = "Leeds",
                        role = "cre",
                        email = "markleeds2@gmail.com"))
  as necessary.
Flavors: r-devel-linux-x86_64-debian-clang, r-devel-linux-x86_64-debian-gcc