Last updated on 2025-10-24 09:50:00 CEST.
| Flavor | Version | Tinstall | Tcheck | Ttotal | Status | Flags |
|---|---|---|---|---|---|---|
| r-devel-linux-x86_64-debian-clang | 0.91.3.4 | 1.71 | 35.91 | 37.62 | OK | |
| r-devel-linux-x86_64-debian-gcc | 0.91.3.4 | 1.43 | 29.92 | 31.35 | OK | |
| r-devel-linux-x86_64-fedora-clang | 0.91.3.4 | 57.38 | NOTE | |||
| r-devel-linux-x86_64-fedora-gcc | 0.91.3.4 | 69.39 | NOTE | |||
| r-devel-windows-x86_64 | 0.91.3.4 | 3.00 | 56.00 | 59.00 | OK | |
| r-patched-linux-x86_64 | 0.91.3.4 | 1.49 | 35.42 | 36.91 | OK | |
| r-release-linux-x86_64 | 0.91.3.4 | 1.33 | 35.31 | 36.64 | OK | |
| r-release-macos-arm64 | 0.91.3.4 | 2.00 | 49.00 | 51.00 | OK | |
| r-release-macos-x86_64 | 0.91.3.4 | 1.00 | 45.00 | 46.00 | OK | |
| r-release-windows-x86_64 | 0.91.3.4 | 4.00 | 56.00 | 60.00 | OK | |
| r-oldrel-macos-arm64 | 0.91.3.4 | 1.00 | 25.00 | 26.00 | OK | |
| r-oldrel-macos-x86_64 | 0.91.3.4 | 1.00 | 38.00 | 39.00 | OK | |
| r-oldrel-windows-x86_64 | 0.91.3.4 | 3.00 | 66.00 | 69.00 | OK |
Version: 0.91.3.4
Check: dependencies in R code
Result: NOTE
Namespace in Imports field not imported from: ‘mnormt’
All declared Imports should be used.
Flavors: r-devel-linux-x86_64-fedora-clang, r-devel-linux-x86_64-fedora-gcc