Last updated on 2024-07-19 10:56:44 CEST.
Flavor | Version | Tinstall | Tcheck | Ttotal | Status | Flags |
---|---|---|---|---|---|---|
r-devel-linux-x86_64-debian-clang | 3.0.10 | 5.91 | 71.84 | 77.75 | OK | |
r-devel-linux-x86_64-debian-gcc | 3.0.10 | 4.03 | 50.10 | 54.13 | OK | |
r-devel-linux-x86_64-fedora-clang | 3.0.10 | 93.56 | OK | |||
r-devel-linux-x86_64-fedora-gcc | 3.0.10 | 101.23 | OK | |||
r-devel-windows-x86_64 | 3.0.10 | 5.00 | 79.00 | 84.00 | NOTE | |
r-patched-linux-x86_64 | 3.0.10 | 6.18 | 67.19 | 73.37 | OK | |
r-release-linux-x86_64 | 3.0.10 | 5.78 | 68.36 | 74.14 | OK | |
r-release-macos-arm64 | 3.0.10 | 32.00 | OK | |||
r-release-macos-x86_64 | 3.0.10 | 52.00 | OK | |||
r-release-windows-x86_64 | 3.0.10 | 5.00 | 77.00 | 82.00 | OK | |
r-oldrel-macos-arm64 | 3.0.10 | 38.00 | OK | |||
r-oldrel-macos-x86_64 | 3.0.10 | 56.00 | OK | |||
r-oldrel-windows-x86_64 | 3.0.10 | 5.00 | 80.00 | 85.00 | OK |
Version: 3.0.10
Check: Rd cross-references
Result: NOTE
Found the following Rd file(s) with Rd \link{} targets missing package
anchors:
dr.weights.Rd: cov.rob
Please provide package anchors for all Rd \link{} targets not in the
package itself and the base packages.
Flavor: r-devel-windows-x86_64