Last updated on 2025-11-24 09:50:30 CET.
| Flavor | Version | Tinstall | Tcheck | Ttotal | Status | Flags |
|---|---|---|---|---|---|---|
| r-devel-linux-x86_64-debian-clang | 2.2.3 | 1.85 | 30.74 | 32.59 | OK | |
| r-devel-linux-x86_64-debian-gcc | 2.2.3 | 2.07 | 24.10 | 26.17 | OK | |
| r-devel-linux-x86_64-fedora-clang | 2.2.3 | 49.20 | OK | |||
| r-devel-linux-x86_64-fedora-gcc | 2.2.3 | 46.92 | OK | |||
| r-devel-windows-x86_64 | 2.2.3 | 4.00 | 46.00 | 50.00 | OK | |
| r-patched-linux-x86_64 | 2.2.3 | 2.59 | 28.15 | 30.74 | OK | |
| r-release-linux-x86_64 | 2.2.3 | 2.42 | 28.13 | 30.55 | OK | |
| r-release-macos-arm64 | 2.2.3 | OK | ||||
| r-release-macos-x86_64 | 2.2.3 | 3.00 | 35.00 | 38.00 | OK | |
| r-release-windows-x86_64 | 2.2.3 | 4.00 | 46.00 | 50.00 | OK | |
| r-oldrel-macos-arm64 | 2.2.3 | NOTE | ||||
| r-oldrel-macos-x86_64 | 2.2.3 | 2.00 | 24.00 | 26.00 | NOTE | |
| r-oldrel-windows-x86_64 | 2.2.3 | 5.00 | 53.00 | 58.00 | NOTE |
Version: 2.2.3
Check: LazyData
Result: NOTE
'LazyData' is specified without a 'data' directory
Flavors: r-oldrel-macos-arm64, r-oldrel-macos-x86_64, r-oldrel-windows-x86_64