Last updated on 2025-10-24 09:50:00 CEST.
| Flavor | Version | Tinstall | Tcheck | Ttotal | Status | Flags |
|---|---|---|---|---|---|---|
| r-devel-linux-x86_64-debian-clang | 1.1.0 | 297.42 | 325.26 | 622.68 | OK | |
| r-devel-linux-x86_64-debian-gcc | 1.1.0 | 250.02 | 227.49 | 477.51 | OK | |
| r-devel-linux-x86_64-fedora-clang | 1.1.0 | 900.00 | 244.78 | 1144.78 | OK | |
| r-devel-linux-x86_64-fedora-gcc | 1.1.0 | 1020.00 | 318.78 | 1338.78 | OK | |
| r-devel-windows-x86_64 | 1.1.0 | 285.00 | 322.00 | 607.00 | OK | |
| r-patched-linux-x86_64 | 1.1.0 | 264.81 | 342.00 | 606.81 | OK | |
| r-release-linux-x86_64 | 1.1.0 | 263.47 | 339.76 | 603.23 | OK | |
| r-release-macos-arm64 | 1.1.0 | 180.00 | 111.00 | 291.00 | OK | |
| r-release-macos-x86_64 | 1.1.0 | 214.00 | 225.00 | 439.00 | OK | |
| r-release-windows-x86_64 | 1.1.0 | 289.00 | 324.00 | 613.00 | OK | |
| r-oldrel-macos-arm64 | 1.1.0 | 85.00 | 70.00 | 155.00 | NOTE | |
| r-oldrel-macos-x86_64 | 1.1.0 | 100.00 | 131.00 | 231.00 | NOTE | |
| r-oldrel-windows-x86_64 | 1.1.0 | 317.00 | 458.00 | 775.00 | NOTE |
Version: 1.1.0
Check: installed package size
Result: NOTE
installed size is 97.2Mb
sub-directories of 1Mb or more:
libs 96.4Mb
Flavors: r-oldrel-macos-arm64, r-oldrel-macos-x86_64, r-oldrel-windows-x86_64
Version: 1.1.0
Check: for GNU extensions in Makefiles
Result: NOTE
GNU make is a SystemRequirements.
Flavors: r-oldrel-macos-arm64, r-oldrel-macos-x86_64, r-oldrel-windows-x86_64