Last updated on 2024-06-30 09:56:24 CEST.
Flavor | Version | Tinstall | Tcheck | Ttotal | Status | Flags |
---|---|---|---|---|---|---|
r-devel-linux-x86_64-debian-clang | 1.1-12 | 193.15 | 121.51 | 314.66 | OK | |
r-devel-linux-x86_64-debian-gcc | 1.2-0 | 124.25 | 93.80 | 218.05 | OK | |
r-devel-linux-x86_64-fedora-clang | 1.2-0 | 510.06 | OK | |||
r-devel-linux-x86_64-fedora-gcc | 1.1-12 | 490.01 | OK | |||
r-devel-windows-x86_64 | 1.1-12 | 138.00 | 156.00 | 294.00 | OK | |
r-patched-linux-x86_64 | 1.1-12 | 150.22 | 114.58 | 264.80 | OK | |
r-release-linux-x86_64 | 1.1-12 | 155.02 | 117.81 | 272.83 | OK | |
r-release-macos-arm64 | 1.2-0 | 115.00 | NOTE | |||
r-release-macos-x86_64 | 1.2-0 | 222.00 | NOTE | |||
r-release-windows-x86_64 | 1.2-0 | 143.00 | 163.00 | 306.00 | OK | |
r-oldrel-macos-arm64 | 1.2-0 | 123.00 | NOTE | |||
r-oldrel-macos-x86_64 | 1.2-0 | 234.00 | NOTE | |||
r-oldrel-windows-x86_64 | 1.2-0 | 129.00 | 191.00 | 320.00 | OK |
Version: 1.2-0
Check: installed package size
Result: NOTE
installed size is 9.7Mb
sub-directories of 1Mb or more:
doc 2.6Mb
libs 6.5Mb
Flavors: r-release-macos-arm64, r-release-macos-x86_64, r-oldrel-macos-arm64, r-oldrel-macos-x86_64