Last updated on 2025-11-01 10:49:36 CET.
| Flavor | Version | Tinstall | Tcheck | Ttotal | Status | Flags |
|---|---|---|---|---|---|---|
| r-devel-linux-x86_64-debian-clang | 1.0.7 | 4.85 | 352.27 | 357.12 | OK | |
| r-devel-linux-x86_64-debian-gcc | 1.0.7 | 3.30 | 234.08 | 237.38 | OK | |
| r-devel-linux-x86_64-fedora-clang | 1.0.7 | 10.00 | 512.27 | 522.27 | OK | |
| r-devel-linux-x86_64-fedora-gcc | 1.0.7 | 509.97 | OK | |||
| r-devel-windows-x86_64 | 1.0.7 | 8.00 | 331.00 | 339.00 | OK | |
| r-patched-linux-x86_64 | 1.0.7 | 4.80 | 329.38 | 334.18 | OK | |
| r-release-linux-x86_64 | 1.0.7 | 4.02 | 331.02 | 335.04 | OK | |
| r-release-macos-arm64 | 1.0.7 | 2.00 | 158.00 | 160.00 | OK | |
| r-release-macos-x86_64 | 1.0.7 | 4.00 | 359.00 | 363.00 | OK | |
| r-release-windows-x86_64 | 1.0.7 | 8.00 | 333.00 | 341.00 | OK | |
| r-oldrel-macos-arm64 | 1.0.7 | 2.00 | 157.00 | 159.00 | NOTE | |
| r-oldrel-macos-x86_64 | 1.0.7 | 4.00 | 337.00 | 341.00 | NOTE | |
| r-oldrel-windows-x86_64 | 1.0.7 | 10.00 | 445.00 | 455.00 | NOTE |
Version: 1.0.7
Check: installed package size
Result: NOTE
installed size is 5.2Mb
sub-directories of 1Mb or more:
doc 4.7Mb
Flavors: r-oldrel-macos-arm64, r-oldrel-macos-x86_64, r-oldrel-windows-x86_64