Last updated on 2024-07-19 10:56:43 CEST.
Flavor | Version | Tinstall | Tcheck | Ttotal | Status | Flags |
---|---|---|---|---|---|---|
r-devel-linux-x86_64-debian-clang | 0.5.1 | 112.70 | 175.46 | 288.16 | OK | |
r-devel-linux-x86_64-debian-gcc | 0.5.1 | 58.28 | 129.99 | 188.27 | OK | |
r-devel-linux-x86_64-fedora-clang | 0.5.1 | 412.37 | NOTE | |||
r-devel-linux-x86_64-fedora-gcc | 0.5.1 | 387.49 | NOTE | |||
r-devel-windows-x86_64 | 0.5.1 | 67.00 | 176.00 | 243.00 | NOTE | |
r-patched-linux-x86_64 | 0.5.1 | 92.00 | 163.85 | 255.85 | OK | |
r-release-linux-x86_64 | 0.5.1 | 84.17 | 164.87 | 249.04 | OK | |
r-release-macos-arm64 | 0.5.1 | 87.00 | OK | |||
r-release-macos-x86_64 | 0.5.1 | 118.00 | OK | |||
r-release-windows-x86_64 | 0.5.1 | 88.00 | 177.00 | 265.00 | OK | |
r-oldrel-macos-arm64 | 0.5.1 | 83.00 | OK | |||
r-oldrel-macos-x86_64 | 0.5.1 | 211.00 | OK | |||
r-oldrel-windows-x86_64 | 0.5.1 | 109.00 | 220.00 | 329.00 | OK |
Version: 0.5.1
Check: data for non-ASCII characters
Result: NOTE
Note: found 438 marked UTF-8 strings
Flavors: r-devel-linux-x86_64-fedora-clang, r-devel-linux-x86_64-fedora-gcc
Version: 0.5.1
Check: Rd cross-references
Result: NOTE
Found the following Rd file(s) with Rd \link{} targets missing package
anchors:
tCorpus-cash-annotate_rsyntax.Rd: tquery
tCorpus-cash-subset.Rd: subset.data.table
Please provide package anchors for all Rd \link{} targets not in the
package itself and the base packages.
Flavor: r-devel-windows-x86_64