Last updated on 2025-10-22 09:50:29 CEST.
Flavor | Version | Tinstall | Tcheck | Ttotal | Status | Flags |
---|---|---|---|---|---|---|
r-devel-linux-x86_64-debian-clang | 1.2.0 | 17.63 | 133.42 | 151.05 | NOTE | |
r-devel-linux-x86_64-debian-gcc | 1.2.0 | 12.45 | 93.21 | 105.66 | NOTE | |
r-devel-linux-x86_64-fedora-clang | 1.2.0 | 74.00 | 177.13 | 251.13 | OK | |
r-devel-linux-x86_64-fedora-gcc | 1.2.0 | 39.00 | 185.88 | 224.88 | OK | |
r-devel-windows-x86_64 | 1.2.0 | 17.00 | 123.00 | 140.00 | OK | |
r-patched-linux-x86_64 | 1.2.0 | 16.33 | 128.65 | 144.98 | OK | |
r-release-linux-x86_64 | 1.2.0 | 16.56 | 126.09 | 142.65 | OK | |
r-release-macos-arm64 | 1.2.0 | 9.00 | 73.00 | 82.00 | OK | |
r-release-macos-x86_64 | 1.2.0 | 16.00 | 126.00 | 142.00 | OK | |
r-release-windows-x86_64 | 1.2.0 | 18.00 | 127.00 | 145.00 | OK | |
r-oldrel-macos-arm64 | 1.2.0 | 8.00 | 61.00 | 69.00 | OK | |
r-oldrel-macos-x86_64 | 1.2.0 | 12.00 | 94.00 | 106.00 | OK | |
r-oldrel-windows-x86_64 | 1.2.0 | 21.00 | 173.00 | 194.00 | OK |
Version: 1.2.0
Check: CRAN incoming feasibility
Result: NOTE
Maintainer: ‘Lei Yang <leiyangslu@gmail.com>’
No Authors@R field in DESCRIPTION.
Please add one, modifying
Authors@R: person(given = "Lei",
family = "Yang",
role = c("aut", "cre"),
email = "leiyangslu@gmail.com")
as necessary.
Flavors: r-devel-linux-x86_64-debian-clang, r-devel-linux-x86_64-debian-gcc