Last updated on 2025-10-31 09:50:13 CET.
| Flavor | Version | Tinstall | Tcheck | Ttotal | Status | Flags | 
|---|---|---|---|---|---|---|
| r-devel-linux-x86_64-debian-clang | 1.1.0 | 5.03 | 54.98 | 60.01 | NOTE | |
| r-devel-linux-x86_64-debian-gcc | 1.1.0 | 3.71 | 41.39 | 45.10 | NOTE | |
| r-devel-linux-x86_64-fedora-clang | 1.1.0 | 13.00 | 76.85 | 89.85 | OK | |
| r-devel-linux-x86_64-fedora-gcc | 1.1.0 | 15.00 | 71.50 | 86.50 | OK | |
| r-devel-windows-x86_64 | 1.1.0 | 6.00 | 69.00 | 75.00 | OK | |
| r-patched-linux-x86_64 | 1.1.0 | 6.18 | 52.64 | 58.82 | OK | |
| r-release-linux-x86_64 | 1.1.0 | 5.82 | 52.62 | 58.44 | OK | |
| r-release-macos-arm64 | 1.1.0 | 3.00 | 28.00 | 31.00 | OK | |
| r-release-macos-x86_64 | 1.1.0 | 5.00 | 45.00 | 50.00 | OK | |
| r-release-windows-x86_64 | 1.1.0 | 7.00 | 64.00 | 71.00 | OK | |
| r-oldrel-macos-arm64 | 1.1.0 | 3.00 | 25.00 | 28.00 | NOTE | |
| r-oldrel-macos-x86_64 | 1.1.0 | 4.00 | 37.00 | 41.00 | NOTE | |
| r-oldrel-windows-x86_64 | 1.1.0 | 9.00 | 76.00 | 85.00 | NOTE | 
Version: 1.1.0
Check: CRAN incoming feasibility
Result: NOTE
  Maintainer: ‘Eric S. Kawaguchi <erickawaguchi@ucla.edu>’
  
  No Authors@R field in DESCRIPTION.
  Please add one, modifying
    Authors@R: person(given = c("Eric", "S."),
                      family = "Kawaguchi",
                      role = c("aut", "cre"),
                      email = "erickawaguchi@ucla.edu")
  as necessary.
Flavors: r-devel-linux-x86_64-debian-clang, r-devel-linux-x86_64-debian-gcc
Version: 1.1.0
Check: LazyData
Result: NOTE
    'LazyData' is specified without a 'data' directory
Flavors: r-oldrel-macos-arm64, r-oldrel-macos-x86_64, r-oldrel-windows-x86_64