CRAN Package Check Results for Package choroplethrMaps

Last updated on 2025-11-20 11:51:06 CET.

Flavor Version Tinstall Tcheck Ttotal Status Flags
r-devel-linux-x86_64-debian-clang 1.0.1 1.51 22.58 24.09 NOTE
r-devel-linux-x86_64-debian-gcc 1.0.1 1.36 18.78 20.14 NOTE
r-devel-linux-x86_64-fedora-clang 1.0.1 33.97 OK
r-devel-linux-x86_64-fedora-gcc 1.0.1 32.64 OK
r-devel-windows-x86_64 1.0.1 3.00 48.00 51.00 OK
r-patched-linux-x86_64 1.0.1 1.62 21.25 22.87 OK
r-release-linux-x86_64 1.0.1 1.26 21.17 22.43 OK
r-release-macos-arm64 1.0.1 OK
r-release-macos-x86_64 1.0.1 2.00 24.00 26.00 OK
r-release-windows-x86_64 1.0.1 4.00 45.00 49.00 OK
r-oldrel-macos-arm64 1.0.1 OK
r-oldrel-macos-x86_64 1.0.1 1.00 25.00 26.00 OK
r-oldrel-windows-x86_64 1.0.1 2.00 51.00 53.00 OK

Check Details

Version: 1.0.1
Check: CRAN incoming feasibility
Result: NOTE Maintainer: ‘Ari Lamstein <ari@lamsteinconsulting.com>’ No Authors@R field in DESCRIPTION. Please add one, modifying Authors@R: person(given = "Ari", family = "Lamstein", role = c("aut", "cre"), email = "ari@lamsteinconsulting.com") as necessary. Flavors: r-devel-linux-x86_64-debian-clang, r-devel-linux-x86_64-debian-gcc