Last updated on 2024-07-19 10:56:42 CEST.
Flavor | Version | Tinstall | Tcheck | Ttotal | Status | Flags |
---|---|---|---|---|---|---|
r-devel-linux-x86_64-debian-clang | 1.1.0 | 10.96 | 342.84 | 353.80 | OK | |
r-devel-linux-x86_64-debian-gcc | 1.1.0 | 7.22 | 253.54 | 260.76 | OK | |
r-devel-linux-x86_64-fedora-clang | 1.1.0 | 438.23 | NOTE | |||
r-devel-linux-x86_64-fedora-gcc | 1.1.0 | 437.42 | OK | |||
r-devel-windows-x86_64 | 1.1.0 | 11.00 | 288.00 | 299.00 | OK | |
r-patched-linux-x86_64 | 1.1.0 | 7.13 | 318.26 | 325.39 | OK | |
r-release-linux-x86_64 | 1.1.0 | 11.01 | 327.44 | 338.45 | OK | |
r-release-macos-arm64 | 1.1.0 | 134.00 | NOTE | |||
r-release-macos-x86_64 | 1.1.0 | 190.00 | NOTE | |||
r-release-windows-x86_64 | 1.1.0 | 11.00 | 291.00 | 302.00 | OK | |
r-oldrel-macos-arm64 | 1.1.0 | 121.00 | NOTE | |||
r-oldrel-macos-x86_64 | 1.1.0 | 270.00 | NOTE | |||
r-oldrel-windows-x86_64 | 1.1.0 | 14.00 | 348.00 | 362.00 | OK |
Version: 1.1.0
Check: installed package size
Result: NOTE
installed size is 5.1Mb
sub-directories of 1Mb or more:
extdata 4.7Mb
Flavors: r-devel-linux-x86_64-fedora-clang, r-release-macos-arm64, r-release-macos-x86_64, r-oldrel-macos-arm64, r-oldrel-macos-x86_64