CRAN Package Check Results for Package censCov

Last updated on 2025-11-16 09:49:22 CET.

Flavor Version Tinstall Tcheck Ttotal Status Flags
r-devel-linux-x86_64-debian-clang 1.0-0 6.50 57.13 63.63 NOTE
r-devel-linux-x86_64-debian-gcc 1.0-0 5.21 42.87 48.08 NOTE
r-devel-linux-x86_64-fedora-clang 1.0-0 15.00 82.13 97.13 OK
r-devel-linux-x86_64-fedora-gcc 1.0-0 14.00 80.73 94.73 OK
r-devel-windows-x86_64 1.0-0 9.00 62.00 71.00 OK
r-patched-linux-x86_64 1.0-0 5.28 55.21 60.49 OK
r-release-linux-x86_64 1.0-0 6.69 55.65 62.34 OK
r-release-macos-arm64 1.0-0 3.00 31.00 34.00 OK
r-release-macos-x86_64 1.0-0 6.00 48.00 54.00 OK
r-release-windows-x86_64 1.0-0 8.00 63.00 71.00 OK
r-oldrel-macos-arm64 1.0-0 3.00 27.00 30.00 OK
r-oldrel-macos-x86_64 1.0-0 5.00 55.00 60.00 OK
r-oldrel-windows-x86_64 1.0-0 10.00 79.00 89.00 OK

Check Details

Version: 1.0-0
Check: CRAN incoming feasibility
Result: NOTE Maintainer: ‘Sy Han (Steven) Chiou <schiou@hsph.harvard.edu>’ No Authors@R field in DESCRIPTION. Please add one, modifying Authors@R: c(person(given = "Jing", family = "Qian", role = "aut"), person(given = c("Sy", "Han"), family = "Chiou", role = "aut", comment = "Steven"), person(given = c("Sy", "Han"), family = "Chiou", role = "cre", email = "schiou@hsph.harvard.edu", comment = "Steven")) as necessary. Flavors: r-devel-linux-x86_64-debian-clang, r-devel-linux-x86_64-debian-gcc