CRAN Package Check Results for Package bsTools

Last updated on 2025-11-16 09:49:21 CET.

Flavor Version Tinstall Tcheck Ttotal Status Flags
r-devel-linux-x86_64-debian-clang 1.0.5 2.08 25.69 27.77 NOTE
r-devel-linux-x86_64-debian-gcc 1.0.5 2.02 20.59 22.61 NOTE
r-devel-linux-x86_64-fedora-clang 1.0.5 41.28 OK
r-devel-linux-x86_64-fedora-gcc 1.0.5 39.27 OK
r-devel-windows-x86_64 1.0.5 4.00 51.00 55.00 OK
r-patched-linux-x86_64 1.0.5 3.20 24.46 27.66 OK
r-release-linux-x86_64 1.0.5 2.05 23.99 26.04 OK
r-release-macos-arm64 1.0.5 1.00 16.00 17.00 OK
r-release-macos-x86_64 1.0.5 3.00 36.00 39.00 OK
r-release-windows-x86_64 1.0.5 4.00 50.00 54.00 OK
r-oldrel-macos-arm64 1.0.5 1.00 16.00 17.00 OK
r-oldrel-macos-x86_64 1.0.5 3.00 25.00 28.00 OK
r-oldrel-windows-x86_64 1.0.5 3.00 51.00 54.00 OK

Check Details

Version: 1.0.5
Check: CRAN incoming feasibility
Result: NOTE Maintainer: ‘Timothy Conwell <timconwell@gmail.com>’ No Authors@R field in DESCRIPTION. Please add one, modifying Authors@R: person(given = "Timothy", family = "Conwell", role = c("aut", "cre"), email = "timconwell@gmail.com") as necessary. Flavors: r-devel-linux-x86_64-debian-clang, r-devel-linux-x86_64-debian-gcc