CRAN Package Check Results for Package boundingbox

Last updated on 2025-10-22 09:50:28 CEST.

Flavor Version Tinstall Tcheck Ttotal Status Flags
r-devel-linux-x86_64-debian-clang 1.0.1 2.20 28.17 30.37 OK
r-devel-linux-x86_64-debian-gcc 1.0.1 1.48 23.15 24.63 OK
r-devel-linux-x86_64-fedora-clang 1.0.1 46.28 OK
r-devel-linux-x86_64-fedora-gcc 1.0.1 58.67 OK
r-devel-windows-x86_64 1.0.1 4.00 46.00 50.00 OK
r-patched-linux-x86_64 1.0.1 2.20 25.67 27.87 OK
r-release-linux-x86_64 1.0.1 1.91 26.32 28.23 OK
r-release-macos-arm64 1.0.1 1.00 36.00 37.00 OK
r-release-macos-x86_64 1.0.1 2.00 46.00 48.00 OK
r-release-windows-x86_64 1.0.1 5.00 49.00 54.00 OK
r-oldrel-macos-arm64 1.0.1 1.00 25.00 26.00 NOTE
r-oldrel-macos-x86_64 1.0.1 3.00 55.00 58.00 NOTE
r-oldrel-windows-x86_64 1.0.1 5.00 52.00 57.00 NOTE

Check Details

Version: 1.0.1
Check: LazyData
Result: NOTE 'LazyData' is specified without a 'data' directory Flavors: r-oldrel-macos-arm64, r-oldrel-macos-x86_64, r-oldrel-windows-x86_64