Last updated on 2024-07-19 10:56:41 CEST.
Flavor | Version | Tinstall | Tcheck | Ttotal | Status | Flags |
---|---|---|---|---|---|---|
r-devel-linux-x86_64-debian-clang | 0.5.4 | 24.65 | 157.63 | 182.28 | NOTE | |
r-devel-linux-x86_64-debian-gcc | 0.5.4 | 22.71 | 116.75 | 139.46 | NOTE | |
r-devel-linux-x86_64-fedora-clang | 0.5.4 | 232.32 | NOTE | |||
r-devel-linux-x86_64-fedora-gcc | 0.5.4 | 212.77 | NOTE | |||
r-devel-windows-x86_64 | 0.5.4 | 26.00 | 129.00 | 155.00 | OK | |
r-patched-linux-x86_64 | 0.5.4 | 26.00 | 150.49 | 176.49 | NOTE | |
r-release-linux-x86_64 | 0.5.4 | 24.27 | 148.86 | 173.13 | NOTE | |
r-release-macos-arm64 | 0.5.4 | 64.00 | NOTE | |||
r-release-macos-x86_64 | 0.5.4 | 127.00 | NOTE | |||
r-release-windows-x86_64 | 0.5.4 | 25.00 | 133.00 | 158.00 | OK | |
r-oldrel-macos-arm64 | 0.5.4 | 71.00 | NOTE | |||
r-oldrel-macos-x86_64 | 0.5.4 | 158.00 | NOTE | |||
r-oldrel-windows-x86_64 | 0.5.4 | 33.00 | 158.00 | 191.00 | NOTE |
Version: 0.5.4
Check: package dependencies
Result: NOTE
Package suggested but not available for checking: ‘INLA’
Flavors: r-devel-linux-x86_64-debian-clang, r-devel-linux-x86_64-debian-gcc, r-patched-linux-x86_64, r-release-linux-x86_64, r-release-macos-arm64, r-release-macos-x86_64, r-oldrel-macos-arm64, r-oldrel-macos-x86_64, r-oldrel-windows-x86_64
Version: 0.5.4
Check: data for non-ASCII characters
Result: NOTE
Note: found 940 marked Latin-1 strings
Flavors: r-devel-linux-x86_64-fedora-clang, r-devel-linux-x86_64-fedora-gcc
Version: 0.5.4
Check: installed package size
Result: NOTE
installed size is 5.6Mb
sub-directories of 1Mb or more:
data 5.2Mb
Flavors: r-release-macos-arm64, r-release-macos-x86_64, r-oldrel-macos-arm64, r-oldrel-macos-x86_64