Last updated on 2025-10-24 09:49:57 CEST.
| Flavor | Version | Tinstall | Tcheck | Ttotal | Status | Flags |
|---|---|---|---|---|---|---|
| r-devel-linux-x86_64-debian-clang | 1.0.4 | 3.98 | 38.46 | 42.44 | NOTE | |
| r-devel-linux-x86_64-debian-gcc | 1.0.4 | 2.80 | 28.44 | 31.24 | OK | |
| r-devel-linux-x86_64-fedora-clang | 1.0.4 | 30.00 | 36.54 | 66.54 | OK | |
| r-devel-linux-x86_64-fedora-gcc | 1.0.4 | 60.96 | OK | |||
| r-devel-windows-x86_64 | 1.0.4 | 5.00 | 52.00 | 57.00 | OK | |
| r-patched-linux-x86_64 | 1.0.4 | 4.01 | 35.81 | 39.82 | OK | |
| r-release-linux-x86_64 | 1.0.4 | 3.78 | 36.00 | 39.78 | OK | |
| r-release-macos-arm64 | 1.0.4 | 2.00 | 31.00 | 33.00 | OK | |
| r-release-macos-x86_64 | 1.0.4 | 6.00 | 53.00 | 59.00 | OK | |
| r-release-windows-x86_64 | 1.0.4 | 6.00 | 54.00 | 60.00 | OK | |
| r-oldrel-macos-arm64 | 1.0.4 | 2.00 | 22.00 | 24.00 | OK | |
| r-oldrel-macos-x86_64 | 1.0.4 | 3.00 | 30.00 | 33.00 | OK | |
| r-oldrel-windows-x86_64 | 1.0.4 | 10.00 | 65.00 | 75.00 | OK |
Version: 1.0.4
Check: HTML version of manual
Result: NOTE
Found the following HTML validation problems:
is_blas_optimize.html:47:1 (is_blas_optimize.Rd:10): Warning: missing </ul> before </div>
Flavor: r-devel-linux-x86_64-debian-clang