Last updated on 2024-07-19 10:56:41 CEST.
Flavor | Version | Tinstall | Tcheck | Ttotal | Status | Flags |
---|---|---|---|---|---|---|
r-devel-linux-x86_64-debian-clang | 3.1.0 | 33.31 | 87.79 | 121.10 | OK | |
r-devel-linux-x86_64-debian-gcc | 3.1.0 | 25.73 | 66.00 | 91.73 | OK | |
r-devel-linux-x86_64-fedora-clang | 3.1.0 | 158.32 | NOTE | |||
r-devel-linux-x86_64-fedora-gcc | 3.1.0 | 161.88 | NOTE | |||
r-devel-windows-x86_64 | 3.1.0 | 27.00 | 96.00 | 123.00 | OK | |
r-patched-linux-x86_64 | 3.1.0 | 32.74 | 83.22 | 115.96 | OK | |
r-release-linux-x86_64 | 3.1.0 | 25.50 | 75.70 | 101.20 | OK | |
r-release-macos-arm64 | 3.1.0 | 51.00 | OK | |||
r-release-macos-x86_64 | 3.1.0 | 128.00 | OK | |||
r-release-windows-x86_64 | 3.1.0 | 25.00 | 96.00 | 121.00 | OK | |
r-oldrel-macos-arm64 | 3.1.0 | 81.00 | OK | |||
r-oldrel-macos-x86_64 | 3.1.0 | 171.00 | OK | |||
r-oldrel-windows-x86_64 | 3.1.0 | 23.00 | 110.00 | 133.00 | OK |
Version: 3.1.0
Check: data for non-ASCII characters
Result: NOTE
Note: found 2666 marked UTF-8 strings
Flavors: r-devel-linux-x86_64-fedora-clang, r-devel-linux-x86_64-fedora-gcc