CRAN Package Check Results for Package automl

Last updated on 2025-11-10 10:51:17 CET.

Flavor Version Tinstall Tcheck Ttotal Status Flags
r-devel-linux-x86_64-debian-clang 1.3.2 3.65 36.29 39.94 OK
r-devel-linux-x86_64-debian-gcc 1.3.2 2.85 27.32 30.17 OK
r-devel-linux-x86_64-fedora-clang 1.3.2 28.00 38.22 66.22 OK
r-devel-linux-x86_64-fedora-gcc 1.3.2 72.94 OK
r-devel-windows-x86_64 1.3.2 6.00 57.00 63.00 OK
r-patched-linux-x86_64 1.3.2 3.64 34.60 38.24 OK
r-release-linux-x86_64 1.3.2 3.05 34.28 37.33 OK
r-release-macos-arm64 1.3.2 2.00 23.00 25.00 OK
r-release-macos-x86_64 1.3.2 3.00 44.00 47.00 OK
r-release-windows-x86_64 1.3.2 6.00 55.00 61.00 OK
r-oldrel-macos-arm64 1.3.2 2.00 25.00 27.00 NOTE
r-oldrel-macos-x86_64 1.3.2 3.00 38.00 41.00 NOTE
r-oldrel-windows-x86_64 1.3.2 5.00 58.00 63.00 NOTE

Check Details

Version: 1.3.2
Check: LazyData
Result: NOTE 'LazyData' is specified without a 'data' directory Flavors: r-oldrel-macos-arm64, r-oldrel-macos-x86_64, r-oldrel-windows-x86_64