Last updated on 2024-07-19 10:56:40 CEST.
Flavor | Version | Tinstall | Tcheck | Ttotal | Status | Flags |
---|---|---|---|---|---|---|
r-devel-linux-x86_64-debian-clang | 0.2.4 | 4.86 | 48.50 | 53.36 | OK | |
r-devel-linux-x86_64-debian-gcc | 0.2.4 | 3.66 | 36.45 | 40.11 | OK | |
r-devel-linux-x86_64-fedora-clang | 0.2.4 | 67.25 | NOTE | |||
r-devel-linux-x86_64-fedora-gcc | 0.2.4 | 73.53 | NOTE | |||
r-devel-windows-x86_64 | 0.2.4 | 6.00 | 55.00 | 61.00 | OK | |
r-patched-linux-x86_64 | 0.2.4 | 5.49 | 44.98 | 50.47 | OK | |
r-release-linux-x86_64 | 0.2.4 | 4.39 | 46.68 | 51.07 | OK | |
r-release-macos-arm64 | 0.2.4 | 24.00 | OK | |||
r-release-macos-x86_64 | 0.2.4 | 32.00 | OK | |||
r-release-windows-x86_64 | 0.2.4 | 5.00 | 57.00 | 62.00 | OK | |
r-oldrel-macos-arm64 | 0.2.4 | 29.00 | OK | |||
r-oldrel-macos-x86_64 | 0.2.4 | 68.00 | OK | |||
r-oldrel-windows-x86_64 | 0.2.4 | 6.00 | 64.00 | 70.00 | OK |
Version: 0.2.4
Check: data for non-ASCII characters
Result: NOTE
Note: found 11 marked UTF-8 strings
Flavors: r-devel-linux-x86_64-fedora-clang, r-devel-linux-x86_64-fedora-gcc