CRAN Package Check Results for Package SPEDInstabR

Last updated on 2025-11-24 09:50:48 CET.

Flavor Version Tinstall Tcheck Ttotal Status Flags
r-devel-linux-x86_64-debian-clang 2.2 2.55 34.69 37.24 NOTE
r-devel-linux-x86_64-debian-gcc 2.2 1.76 26.73 28.49 NOTE
r-devel-linux-x86_64-fedora-clang 2.2 56.44 OK
r-devel-windows-x86_64 2.2 6.00 50.00 56.00 OK
r-patched-linux-x86_64 2.2 2.46 32.46 34.92 OK
r-release-linux-x86_64 2.2 2.57 33.48 36.05 OK
r-release-macos-arm64 2.2 OK
r-release-macos-x86_64 2.2 2.00 32.00 34.00 OK
r-release-windows-x86_64 2.2 5.00 50.00 55.00 OK
r-oldrel-macos-arm64 2.2 OK
r-oldrel-macos-x86_64 2.2 2.00 33.00 35.00 OK
r-oldrel-windows-x86_64 2.2 5.00 63.00 68.00 OK

Check Details

Version: 2.2
Check: CRAN incoming feasibility
Result: NOTE Maintainer: ‘Castor Guisande Gonzalez <castor@uvigo.es>’ No Authors@R field in DESCRIPTION. Please add one, modifying Authors@R: person(given = c("Castor", "Guisande"), family = "Gonzalez", role = c("aut", "cre"), email = "castor@uvigo.es") as necessary. Flavors: r-devel-linux-x86_64-debian-clang, r-devel-linux-x86_64-debian-gcc