CRAN Package Check Results for Package SGPdata

Last updated on 2025-11-16 09:49:41 CET.

Flavor Version Tinstall Tcheck Ttotal Status Flags
r-devel-linux-x86_64-debian-clang 28.0-0.0 71.15 47.09 118.24 OK
r-devel-linux-x86_64-debian-gcc 28.0-0.0 52.42 34.95 87.37 NOTE
r-devel-linux-x86_64-fedora-clang 28.0-0.0 305.00 -116.71 188.29 OK
r-devel-linux-x86_64-fedora-gcc 28.0-0.0 143.00 49.59 192.59 OK
r-devel-windows-x86_64 28.0-0.0 69.00 62.00 131.00 OK
r-patched-linux-x86_64 28.0-0.0 69.43 44.43 113.86 OK
r-release-linux-x86_64 28.0-0.0 69.17 45.15 114.32 OK
r-release-macos-arm64 28.0-0.0 44.00 43.00 87.00 OK
r-release-macos-x86_64 28.0-0.0 81.00 64.00 145.00 OK
r-release-windows-x86_64 28.0-0.0 65.00 64.00 129.00 OK
r-oldrel-macos-arm64 28.0-0.0 53.00 35.00 88.00 NOTE
r-oldrel-macos-x86_64 28.0-0.0 142.00 94.00 236.00 NOTE
r-oldrel-windows-x86_64 28.0-0.0 75.00 74.00 149.00 NOTE

Check Details

Version: 28.0-0.0
Check: CRAN incoming feasibility
Result: NOTE Maintainer: ‘Damian W. Betebenner <dbetebenner@nciea.org>’ The BugReports field in DESCRIPTION has https://github.com/CenterForAssessment/SGPdata/issues/ which should likely be https://github.com/CenterForAssessment/SGPdata/issues/issues instead. Flavor: r-devel-linux-x86_64-debian-gcc

Version: 28.0-0.0
Check: installed package size
Result: NOTE installed size is 7.6Mb sub-directories of 1Mb or more: data 7.5Mb Flavors: r-oldrel-macos-arm64, r-oldrel-macos-x86_64, r-oldrel-windows-x86_64