Last updated on 2024-08-10 09:48:21 CEST.
Flavor | Version | Tinstall | Tcheck | Ttotal | Status | Flags |
---|---|---|---|---|---|---|
r-devel-linux-x86_64-debian-clang | 0.1.0 | 6.91 | 57.79 | 64.70 | NOTE | |
r-devel-linux-x86_64-debian-gcc | 0.1.0 | 4.98 | 42.77 | 47.75 | NOTE | |
r-devel-linux-x86_64-fedora-clang | 0.1.0 | 100.85 | NOTE | |||
r-devel-linux-x86_64-fedora-gcc | 0.1.0 | 105.81 | NOTE | |||
r-devel-windows-x86_64 | 0.1.0 | 8.00 | 72.00 | 80.00 | NOTE | |
r-patched-linux-x86_64 | 0.1.0 | 5.85 | 54.40 | 60.25 | NOTE | |
r-release-linux-x86_64 | 0.1.0 | 6.45 | 54.00 | 60.45 | NOTE | |
r-release-macos-arm64 | 0.1.0 | 32.00 | NOTE | |||
r-release-macos-x86_64 | 0.1.0 | 50.00 | NOTE | |||
r-release-windows-x86_64 | 0.1.0 | 8.00 | 73.00 | 81.00 | NOTE | |
r-oldrel-macos-arm64 | 0.1.0 | 41.00 | NOTE | |||
r-oldrel-macos-x86_64 | 0.1.0 | 57.00 | NOTE | |||
r-oldrel-windows-x86_64 | 0.1.0 | 10.00 | 85.00 | 95.00 | NOTE |
Version: 0.1.0
Check: LazyData
Result: NOTE
'LazyData' is specified without a 'data' directory
Flavors: r-devel-linux-x86_64-debian-clang, r-devel-linux-x86_64-debian-gcc, r-devel-linux-x86_64-fedora-clang, r-devel-linux-x86_64-fedora-gcc, r-devel-windows-x86_64, r-patched-linux-x86_64, r-release-linux-x86_64, r-release-macos-arm64, r-release-macos-x86_64, r-release-windows-x86_64, r-oldrel-macos-arm64, r-oldrel-macos-x86_64, r-oldrel-windows-x86_64