Last updated on 2025-10-25 09:49:41 CEST.
| Flavor | Version | Tinstall | Tcheck | Ttotal | Status | Flags |
|---|---|---|---|---|---|---|
| r-devel-linux-x86_64-debian-clang | 1.0.1 | 2.16 | 30.22 | 32.38 | NOTE | |
| r-devel-linux-x86_64-debian-gcc | 1.0.1 | 1.68 | 22.82 | 24.50 | NOTE | |
| r-devel-linux-x86_64-fedora-clang | 1.0.1 | 21.00 | 37.04 | 58.04 | OK | |
| r-devel-linux-x86_64-fedora-gcc | 1.0.1 | 46.84 | OK | |||
| r-devel-windows-x86_64 | 1.0.1 | 4.00 | 47.00 | 51.00 | OK | |
| r-patched-linux-x86_64 | 1.0.1 | 2.27 | 28.45 | 30.72 | OK | |
| r-release-linux-x86_64 | 1.0.1 | 1.88 | 28.32 | 30.20 | OK | |
| r-release-macos-arm64 | 1.0.1 | 1.00 | 15.00 | 16.00 | OK | |
| r-release-macos-x86_64 | 1.0.1 | 2.00 | 28.00 | 30.00 | OK | |
| r-release-windows-x86_64 | 1.0.1 | 4.00 | 47.00 | 51.00 | OK | |
| r-oldrel-macos-arm64 | 1.0.1 | 1.00 | 16.00 | 17.00 | OK | |
| r-oldrel-macos-x86_64 | 1.0.1 | 2.00 | 22.00 | 24.00 | OK | |
| r-oldrel-windows-x86_64 | 1.0.1 | 3.00 | 56.00 | 59.00 | OK |
Version: 1.0.1
Check: CRAN incoming feasibility
Result: NOTE
Maintainer: ‘Siddhartha Kundu <siddhartha_kundu@aiims.edu>’
No Authors@R field in DESCRIPTION.
Please add one, modifying
Authors@R: person(given = "Siddhartha",
family = "Kundu",
role = c("aut", "cre"),
email = "2021:ManuscriptUnderPreparation")
as necessary.
Flavors: r-devel-linux-x86_64-debian-clang, r-devel-linux-x86_64-debian-gcc