Last updated on 2025-10-01 10:49:59 CEST.
Flavor | Version | Tinstall | Tcheck | Ttotal | Status | Flags |
---|---|---|---|---|---|---|
r-devel-linux-x86_64-debian-clang | 0.2.11 | 31.08 | 53.96 | 85.04 | OK | |
r-devel-linux-x86_64-debian-gcc | 0.2.11 | 17.57 | 38.83 | 56.40 | OK | |
r-devel-linux-x86_64-fedora-clang | 0.2.11 | 143.84 | OK | |||
r-devel-linux-x86_64-fedora-gcc | 0.2.11 | 141.27 | OK | |||
r-devel-windows-x86_64 | 0.2.11 | 37.00 | 100.00 | 137.00 | OK | |
r-patched-linux-x86_64 | 0.2.10 | 29.37 | 46.84 | 76.21 | NOTE | |
r-release-linux-x86_64 | 0.2.11 | 29.17 | 48.39 | 77.56 | OK | |
r-release-macos-arm64 | 0.2.11 | 43.00 | OK | |||
r-release-macos-x86_64 | 0.2.11 | 82.00 | OK | |||
r-release-windows-x86_64 | 0.2.11 | 38.00 | 88.00 | 126.00 | OK | |
r-oldrel-macos-arm64 | 0.2.11 | 48.00 | OK | |||
r-oldrel-macos-x86_64 | 0.2.11 | 84.00 | OK | |||
r-oldrel-windows-x86_64 | 0.2.11 | 46.00 | 104.00 | 150.00 | OK |
Version: 0.2.10
Check: C++ specification
Result: NOTE
Specified C++11: please drop specification unless essential
Flavor: r-patched-linux-x86_64