CRAN Package Check Results for Package RGIFT

Last updated on 2025-11-24 09:50:44 CET.

Flavor Version Tinstall Tcheck Ttotal Status Flags
r-devel-linux-x86_64-debian-clang 0.1-7 1.67 25.20 26.87 NOTE
r-devel-linux-x86_64-debian-gcc 0.1-7 1.51 21.21 22.72 NOTE
r-devel-linux-x86_64-fedora-clang 0.1-7 39.83 OK
r-devel-windows-x86_64 0.1-7 2.00 58.00 60.00 OK
r-patched-linux-x86_64 0.1-7 1.73 23.89 25.62 OK
r-release-linux-x86_64 0.1-7 1.65 23.58 25.23 OK
r-release-macos-arm64 0.1-7 OK
r-release-macos-x86_64 0.1-7 2.00 41.00 43.00 OK
r-release-windows-x86_64 0.1-7 3.00 62.00 65.00 OK
r-oldrel-macos-arm64 0.1-7 OK
r-oldrel-macos-x86_64 0.1-7 2.00 33.00 35.00 OK
r-oldrel-windows-x86_64 0.1-7 3.00 59.00 62.00 OK

Check Details

Version: 0.1-7
Check: CRAN incoming feasibility
Result: NOTE Maintainer: ‘Virgilio Gómez-Rubio <virgilio.gomez@uclm.es>’ No Authors@R field in DESCRIPTION. Please add one, modifying Authors@R: c(person(given = c("María", "José"), family = "Haro-Delicado", role = "aut"), person(given = "Virgilio", family = "Gómez-Rubio", role = c("aut", "cre"), email = "virgilio.gomez@uclm.es"), person(given = "Francisco", family = "Parreńo-Torres", role = "aut")) as necessary. Flavors: r-devel-linux-x86_64-debian-clang, r-devel-linux-x86_64-debian-gcc