Last updated on 2025-11-13 09:50:57 CET.
| Flavor | Version | Tinstall | Tcheck | Ttotal | Status | Flags |
|---|---|---|---|---|---|---|
| r-devel-linux-x86_64-debian-clang | 1.0.3 | 4.12 | 25.57 | 29.69 | NOTE | |
| r-devel-linux-x86_64-debian-gcc | 1.0.3 | 3.02 | 20.03 | 23.05 | NOTE | |
| r-devel-linux-x86_64-fedora-clang | 1.0.3 | 43.13 | OK | |||
| r-devel-linux-x86_64-fedora-gcc | 1.0.3 | 54.33 | OK | |||
| r-devel-windows-x86_64 | 1.0.3 | 7.00 | 51.00 | 58.00 | OK | |
| r-patched-linux-x86_64 | 1.0.3 | 3.61 | 24.05 | 27.66 | OK | |
| r-release-linux-x86_64 | 1.0.3 | 3.50 | 24.12 | 27.62 | OK | |
| r-release-macos-arm64 | 1.0.3 | 3.00 | 20.00 | 23.00 | OK | |
| r-release-macos-x86_64 | 1.0.3 | 5.00 | 39.00 | 44.00 | OK | |
| r-release-windows-x86_64 | 1.0.3 | 8.00 | 48.00 | 56.00 | OK | |
| r-oldrel-macos-arm64 | 1.0.3 | 3.00 | 20.00 | 23.00 | OK | |
| r-oldrel-macos-x86_64 | 1.0.3 | 4.00 | 34.00 | 38.00 | OK | |
| r-oldrel-windows-x86_64 | 1.0.3 | 8.00 | 52.00 | 60.00 | OK |
Version: 1.0.3
Check: CRAN incoming feasibility
Result: NOTE
Maintainer: ‘Toby Kenney <tkenney@mathstat.dal.ca>’
The Description field contains
Kenney, T. Huang, H. Gu (2019) <arXiv:1904.11745>.
Please refer to arXiv e-prints via their arXiv DOI <doi:10.48550/arXiv.YYMM.NNNNN>.
Flavors: r-devel-linux-x86_64-debian-clang, r-devel-linux-x86_64-debian-gcc