Last updated on 2024-07-19 10:56:51 CEST.
Flavor | Version | Tinstall | Tcheck | Ttotal | Status | Flags |
---|---|---|---|---|---|---|
r-devel-linux-x86_64-debian-clang | 1.0.0 | 3.50 | 38.91 | 42.41 | OK | |
r-devel-linux-x86_64-debian-gcc | 1.0.0 | 2.68 | 29.59 | 32.27 | OK | |
r-devel-linux-x86_64-fedora-clang | 1.0.0 | 54.35 | OK | |||
r-devel-linux-x86_64-fedora-gcc | 1.0.0 | 54.74 | OK | |||
r-devel-windows-x86_64 | 1.0.0 | 5.00 | 51.00 | 56.00 | NOTE | |
r-patched-linux-x86_64 | 1.0.0 | 5.25 | 37.81 | 43.06 | OK | |
r-release-linux-x86_64 | 1.0.0 | 4.26 | 38.21 | 42.47 | OK | |
r-release-macos-arm64 | 1.0.0 | 22.00 | OK | |||
r-release-macos-x86_64 | 1.0.0 | 29.00 | OK | |||
r-release-windows-x86_64 | 1.0.0 | 5.00 | 50.00 | 55.00 | OK | |
r-oldrel-macos-arm64 | 1.0.0 | 22.00 | OK | |||
r-oldrel-macos-x86_64 | 1.0.0 | 33.00 | OK | |||
r-oldrel-windows-x86_64 | 1.0.0 | 5.00 | 57.00 | 62.00 | OK |
Version: 1.0.0
Check: Rd cross-references
Result: NOTE
Found the following Rd file(s) with Rd \link{} targets missing package
anchors:
ADtest.Rd: kSamples-package
Please provide package anchors for all Rd \link{} targets not in the
package itself and the base packages.
Flavor: r-devel-windows-x86_64